{"id":13,"date":"2019-03-14T16:44:10","date_gmt":"2019-03-14T15:44:10","guid":{"rendered":"http:\/\/sites.univ-tln.fr\/transfe\/?page_id=13"},"modified":"2019-03-19T08:44:27","modified_gmt":"2019-03-19T07:44:27","slug":"13-2","status":"publish","type":"page","link":"https:\/\/sites.univ-tln.fr\/transfe\/","title":{"rendered":"Pr\u00e9sentation du colloque Transferts et confrontations"},"content":{"rendered":"<p style=\"text-align: center;\">Colloque international organis\u00e9 par le laboratoire Babel (EA 2649), en collaboration avec le LERMA (EA 853, Aix-Marseille Universit\u00e9), le GRIC (EA 4314, Universit\u00e9 Le Havre-Normandie) et la <em>University of Western Ontario<\/em> (Canada)<\/p>\n<p>Ce colloque permettra d\u2019aborder sous un angle original les transferts internationaux d\u2019id\u00e9es principalement politiques, \u00e9conomiques et artistiques entre les Iles Britanniques, la France et l\u2019Am\u00e9rique du Nord dans la p\u00e9riode historique du \u00ab&nbsp;long XVIIIe si\u00e8cle&nbsp;\u00bb (1688-1815).<\/p>\n<p>Si les influences r\u00e9ciproques ont donn\u00e9 lieu \u00e0 d\u2019ind\u00e9niables enrichissements et contribu\u00e9 \u00e0 nourrir les mouvements des Lumi\u00e8res \u2013 en particulier, la r\u00e9flexion sur les syst\u00e8mes de gouvernement \u2013, la p\u00e9riode \u00e9tudi\u00e9e est jalonn\u00e9e de trois r\u00e9volutions majeures \u2013 la \u00ab&nbsp;Glorieuse R\u00e9volution&nbsp;\u00bb de 1688 en Grande-Bretagne, la Guerre d\u2019Ind\u00e9pendance am\u00e9ricaine et la R\u00e9volution fran\u00e7aise \u2013 qui ont boulevers\u00e9 les ordres \u00e9tablis dans chaque aire g\u00e9ographique. La question des transferts d\u2019id\u00e9es n\u2019en devient que plus aigu\u00eb et l\u2019\u00e9change peut se muer en r\u00e9-interpr\u00e9tation, voire en confrontation. Afin de comprendre ces ph\u00e9nom\u00e8nes dans leur ensemble, l\u2019accent sera mis sur les id\u00e9es elles-m\u00eames, mais aussi les individus qui les port\u00e8rent et la mani\u00e8re dont elles furent per\u00e7ues.<\/p>\n<p>Ainsi, il sera possible de porter un nouveau regard sur cette p\u00e9riode extr\u00eamement riche en approfondissant la th\u00e9orie des \u00ab&nbsp;r\u00e9volutions atlantiques&nbsp;\u00bb et en proposant des approches multi- ou trans-disciplinaires. Le principal objectif de ce colloque international consistera ainsi \u00e0 rendre compte de l\u2019extraordinaire circulation d\u2019id\u00e9es qui caract\u00e9risa le \u00ab&nbsp;long XVIIIe si\u00e8cle&nbsp;\u00bb et engendra des \u00e9v\u00e9nements dont l\u2019\u00e9cho se fait toujours entendre au sein de la soci\u00e9t\u00e9 contemporaine.<\/p>\n<p><img loading=\"lazy\" decoding=\"async\" class=\"aligncenter size-full wp-image-68\" src=\"http:\/\/sites.univ-tln.fr\/transfe\/wp-content\/uploads\/sites\/32\/2019\/03\/affiche-transfe.png\" alt=\"\" width=\"1634\" height=\"2320\" srcset=\"https:\/\/sites.univ-tln.fr\/transfe\/wp-content\/uploads\/sites\/32\/2019\/03\/affiche-transfe.png 1634w, https:\/\/sites.univ-tln.fr\/transfe\/wp-content\/uploads\/sites\/32\/2019\/03\/affiche-transfe-211x300.png 211w, https:\/\/sites.univ-tln.fr\/transfe\/wp-content\/uploads\/sites\/32\/2019\/03\/affiche-transfe-768x1090.png 768w, https:\/\/sites.univ-tln.fr\/transfe\/wp-content\/uploads\/sites\/32\/2019\/03\/affiche-transfe-721x1024.png 721w, https:\/\/sites.univ-tln.fr\/transfe\/wp-content\/uploads\/sites\/32\/2019\/03\/affiche-transfe-624x886.png 624w\" sizes=\"auto, (max-width: 1634px) 100vw, 1634px\" \/><\/p>\n","protected":false},"excerpt":{"rendered":"<p>Colloque international organis\u00e9 par le laboratoire Babel (EA 2649), en collaboration avec le LERMA (EA 853, Aix-Marseille Universit\u00e9), le GRIC (EA 4314, Universit\u00e9 Le Havre-Normandie) et la University of Western Ontario (Canada) Ce colloque permettra d\u2019aborder sous un angle original les transferts internationaux d\u2019id\u00e9es principalement politiques, \u00e9conomiques et artistiques entre les Iles Britanniques, la France [&hellip;]<\/p>\n","protected":false},"author":1,"featured_media":0,"parent":0,"menu_order":0,"comment_status":"closed","ping_status":"closed","template":"","meta":{"ngg_post_thumbnail":0,"footnotes":""},"class_list":["post-13","page","type-page","status-publish","hentry"],"_links":{"self":[{"href":"https:\/\/sites.univ-tln.fr\/transfe\/wp-json\/wp\/v2\/pages\/13","targetHints":{"allow":["GET"]}}],"collection":[{"href":"https:\/\/sites.univ-tln.fr\/transfe\/wp-json\/wp\/v2\/pages"}],"about":[{"href":"https:\/\/sites.univ-tln.fr\/transfe\/wp-json\/wp\/v2\/types\/page"}],"author":[{"embeddable":true,"href":"https:\/\/sites.univ-tln.fr\/transfe\/wp-json\/wp\/v2\/users\/1"}],"replies":[{"embeddable":true,"href":"https:\/\/sites.univ-tln.fr\/transfe\/wp-json\/wp\/v2\/comments?post=13"}],"version-history":[{"count":8,"href":"https:\/\/sites.univ-tln.fr\/transfe\/wp-json\/wp\/v2\/pages\/13\/revisions"}],"predecessor-version":[{"id":69,"href":"https:\/\/sites.univ-tln.fr\/transfe\/wp-json\/wp\/v2\/pages\/13\/revisions\/69"}],"wp:attachment":[{"href":"https:\/\/sites.univ-tln.fr\/transfe\/wp-json\/wp\/v2\/media?parent=13"}],"curies":[{"name":"wp","href":"https:\/\/api.w.org\/{rel}","templated":true}]}}