{"id":146,"date":"2016-06-23T16:15:43","date_gmt":"2016-06-23T15:15:43","guid":{"rendered":"http:\/\/sites.univ-tln.fr\/sim\/?page_id=146"},"modified":"2020-03-20T16:22:10","modified_gmt":"2020-03-20T15:22:10","slug":"equipements","status":"publish","type":"page","link":"https:\/\/sites.univ-tln.fr\/sim\/equipements\/","title":{"rendered":"Equipements"},"content":{"rendered":"<p>Le SIM dispose d\u2019un large \u00e9ventail d\u2019\u00e9quipements de pointe pour des analyses allant de l\u2019\u00e9l\u00e9ment \u00e0 la surface. Selon les probl\u00e9matiques \u00e0 r\u00e9soudre, le personnel hautement qualifi\u00e9 du SIM vous conseillera dans le choix des techniques \u00e0 mettre en place.<\/p>\n<p>Dans le cadre de notre certification ISO 9001 nos \u00e9quipements sont suivis et \u00e9talonn\u00e9s.<\/p>\n<ul>\n<li><strong><a href=\"http:\/\/sites.univ-tln.fr\/sim\/equipements\/observation\/\">Observation<\/a><\/strong><\/li>\n<li><a href=\"http:\/\/sites.univ-tln.fr\/sim\/equipements\/vieillissement\/\"><strong>Essai de vieillissement<\/strong><\/a><\/li>\n<li><a href=\"http:\/\/sites.univ-tln.fr\/sim\/equipements\/caracterisations\/\"><strong>Caract\u00e9risation physico-chimique<\/strong><\/a><\/li>\n<li><a href=\"http:\/\/sites.univ-tln.fr\/sim\/equipements\/essai-mecanique\/\"><strong>Essais m\u00e9caniques<\/strong><\/a><\/li>\n<li><a href=\"http:\/\/sites.univ-tln.fr\/sim\/equipements\/revetements\/\"><strong>Rev\u00eatements<\/strong><\/a><\/li>\n<\/ul>\n","protected":false},"excerpt":{"rendered":"<p>Le SIM dispose d\u2019un large \u00e9ventail d\u2019\u00e9quipements de pointe pour des analyses allant de l\u2019\u00e9l\u00e9ment \u00e0 la surface. Selon les <a class=\"more-link\" href=\"https:\/\/sites.univ-tln.fr\/sim\/equipements\/\"> &#8230; Lire la suite <\/a><\/p>\n","protected":false},"author":10,"featured_media":51,"parent":0,"menu_order":0,"comment_status":"closed","ping_status":"closed","template":"","meta":{"ngg_post_thumbnail":0,"footnotes":""},"class_list":["post-146","page","type-page","status-publish","has-post-thumbnail","hentry"],"_links":{"self":[{"href":"https:\/\/sites.univ-tln.fr\/sim\/wp-json\/wp\/v2\/pages\/146","targetHints":{"allow":["GET"]}}],"collection":[{"href":"https:\/\/sites.univ-tln.fr\/sim\/wp-json\/wp\/v2\/pages"}],"about":[{"href":"https:\/\/sites.univ-tln.fr\/sim\/wp-json\/wp\/v2\/types\/page"}],"author":[{"embeddable":true,"href":"https:\/\/sites.univ-tln.fr\/sim\/wp-json\/wp\/v2\/users\/10"}],"replies":[{"embeddable":true,"href":"https:\/\/sites.univ-tln.fr\/sim\/wp-json\/wp\/v2\/comments?post=146"}],"version-history":[{"count":9,"href":"https:\/\/sites.univ-tln.fr\/sim\/wp-json\/wp\/v2\/pages\/146\/revisions"}],"predecessor-version":[{"id":856,"href":"https:\/\/sites.univ-tln.fr\/sim\/wp-json\/wp\/v2\/pages\/146\/revisions\/856"}],"wp:featuredmedia":[{"embeddable":true,"href":"https:\/\/sites.univ-tln.fr\/sim\/wp-json\/wp\/v2\/media\/51"}],"wp:attachment":[{"href":"https:\/\/sites.univ-tln.fr\/sim\/wp-json\/wp\/v2\/media?parent=146"}],"curies":[{"name":"wp","href":"https:\/\/api.w.org\/{rel}","templated":true}]}}