{"id":29,"date":"2018-01-30T15:11:18","date_gmt":"2018-01-30T14:11:18","guid":{"rendered":"http:\/\/sites.univ-tln.fr\/prc-russie\/?page_id=29"},"modified":"2018-02-21T17:03:57","modified_gmt":"2018-02-21T16:03:57","slug":"contacts","status":"publish","type":"page","link":"https:\/\/sites.univ-tln.fr\/prc-russie\/contacts\/","title":{"rendered":"Contacts"},"content":{"rendered":"<h2>Organisateurs :<\/h2>\n<ul>\n<li><strong>Walter Aschbacher<\/strong>, CPT, UTLN: <a href=\"mailto:walter.aschbacher@univ-tln.fr\"><span id=\"OBJ_PREFIX_DWT8509_ZmEmailObjectHandler\" class=\"Object\" role=\"link\"><span id=\"OBJ_PREFIX_DWT8526_ZmEmailObjectHandler\" class=\"Object\" role=\"link\">walter.aschbacher@univ-tln.fr<\/span><\/span><\/a><\/li>\n<li><strong>Konstantin Pankrashkin<\/strong>, Laboratoire de Math\u00e9matiques d&rsquo;Orsay: Universit\u00e9 Paris-Sud: <a href=\"mailto:kpankraskin@gmail.com\"><span id=\"OBJ_PREFIX_DWT8510_ZmEmailObjectHandler\" class=\"Object\" role=\"link\"><span id=\"OBJ_PREFIX_DWT8527_ZmEmailObjectHandler\" class=\"Object\" role=\"link\">kpankraskin@gmail.com<\/span><\/span><\/a><\/li>\n<li><strong>Michel Rouleux<\/strong>, CPT, UTLN: <a href=\"mailto:michel.rouleux@univ-tln.fr\"><span id=\"OBJ_PREFIX_DWT8511_ZmEmailObjectHandler\" class=\"Object\" role=\"link\"><span id=\"OBJ_PREFIX_DWT8528_ZmEmailObjectHandler\" class=\"Object\" role=\"link\">michel.rouleux@univ-tln.fr<\/span><\/span><\/a><\/li>\n<\/ul>\n<h2>Secr\u00e9tariat :<\/h2>\n<ul>\n<li><strong>Christelle Boyer<\/strong>, UTLN, t\u00e9l: <span id=\"OBJ_PREFIX_DWT8512_com_zimbra_phone\" class=\"Object\" role=\"link\"><a href=\"callto:04 83 16 66 20\">04 83 16 66 20<\/a><\/span>,&nbsp; <a href=\"mailto:christelle.boyer@univ-tln.fr\"><span id=\"OBJ_PREFIX_DWT8513_ZmEmailObjectHandler\" class=\"Object\" role=\"link\"><span id=\"OBJ_PREFIX_DWT8529_ZmEmailObjectHandler\" class=\"Object\" role=\"link\">christelle.boyer@univ-tln.fr<\/span><\/span><\/a><\/li>\n<\/ul>\n","protected":false},"excerpt":{"rendered":"<p>Organisateurs : Walter Aschbacher, CPT, UTLN: walter.aschbacher@univ-tln.fr Konstantin Pankrashkin, Laboratoire de Math\u00e9matiques d&rsquo;Orsay: Universit\u00e9 Paris-Sud: kpankraskin@gmail.com Michel Rouleux, CPT, UTLN: michel.rouleux@univ-tln.fr Secr\u00e9tariat : Christelle Boyer, UTLN, t\u00e9l: 04 83 16 66 20,&nbsp; christelle.boyer@univ-tln.fr<\/p>\n","protected":false},"author":1,"featured_media":0,"parent":0,"menu_order":0,"comment_status":"closed","ping_status":"closed","template":"","meta":{"ngg_post_thumbnail":0,"footnotes":""},"class_list":["post-29","page","type-page","status-publish","hentry"],"_links":{"self":[{"href":"https:\/\/sites.univ-tln.fr\/prc-russie\/wp-json\/wp\/v2\/pages\/29","targetHints":{"allow":["GET"]}}],"collection":[{"href":"https:\/\/sites.univ-tln.fr\/prc-russie\/wp-json\/wp\/v2\/pages"}],"about":[{"href":"https:\/\/sites.univ-tln.fr\/prc-russie\/wp-json\/wp\/v2\/types\/page"}],"author":[{"embeddable":true,"href":"https:\/\/sites.univ-tln.fr\/prc-russie\/wp-json\/wp\/v2\/users\/1"}],"replies":[{"embeddable":true,"href":"https:\/\/sites.univ-tln.fr\/prc-russie\/wp-json\/wp\/v2\/comments?post=29"}],"version-history":[{"count":3,"href":"https:\/\/sites.univ-tln.fr\/prc-russie\/wp-json\/wp\/v2\/pages\/29\/revisions"}],"predecessor-version":[{"id":78,"href":"https:\/\/sites.univ-tln.fr\/prc-russie\/wp-json\/wp\/v2\/pages\/29\/revisions\/78"}],"wp:attachment":[{"href":"https:\/\/sites.univ-tln.fr\/prc-russie\/wp-json\/wp\/v2\/media?parent=29"}],"curies":[{"name":"wp","href":"https:\/\/api.w.org\/{rel}","templated":true}]}}