{"id":115,"date":"2016-07-19T14:45:22","date_gmt":"2016-07-19T12:45:22","guid":{"rendered":"http:\/\/sites.univ-tln.fr\/master-math\/?page_id=115"},"modified":"2018-12-05T16:33:37","modified_gmt":"2018-12-05T14:33:37","slug":"master-1ere-annee-quad0812","status":"publish","type":"page","link":"https:\/\/sites.univ-tln.fr\/master-math\/fr\/master-1ere-annee-quad0812\/","title":{"rendered":"Master 1\u00e8re ann\u00e9e &#8211; quadriennal 2008-2012"},"content":{"rendered":"<h2>Contenus des enseignements<\/h2>\n<table class=\"spip\">\n<thead>\n<tr class=\"row_first\">\n<th id=\"id7b93_c0\">SEMESTRE 1<\/th>\n<th id=\"id7b93_c1\">&nbsp;<\/th>\n<th id=\"id7b93_c2\">&nbsp;<\/th>\n<\/tr>\n<\/thead>\n<thead>\n<tr class=\"row_first\">\n<th id=\"id7b93_c0\">Unit\u00e9 d\u2019enseignement<\/th>\n<th id=\"id7b93_c1\">ECTS<\/th>\n<th id=\"id7b93_c2\">Vol. Horaire<\/th>\n<\/tr>\n<\/thead>\n<tbody>\n<tr class=\"row_odd odd\">\n<td headers=\"id7b93_c0\"><strong>UE1 G\u00e9om\u00e9trie diff\u00e9rentielle<\/strong><\/td>\n<td headers=\"id7b93_c1\">7 ects<\/td>\n<td headers=\"id7b93_c2\">60h<\/td>\n<\/tr>\n<tr class=\"row_even even\">\n<td headers=\"id7b93_c0\"><strong>UE2 Analyse fonctionnelle<\/strong><\/td>\n<td headers=\"id7b93_c1\">7 ects<\/td>\n<td headers=\"id7b93_c2\">54h<\/td>\n<\/tr>\n<tr class=\"row_odd odd\">\n<td headers=\"id7b93_c0\"><strong>UE3 Probabilit\u00e9s<\/strong><\/td>\n<td headers=\"id7b93_c1\">7 ects<\/td>\n<td headers=\"id7b93_c2\">60h<\/td>\n<\/tr>\n<tr class=\"row_even even\">\n<td headers=\"id7b93_c0\"><strong>UE4 Langues &amp; TICE<\/strong><\/td>\n<td headers=\"id7b93_c1\">3 ects<\/td>\n<td headers=\"id7b93_c2\">28h<\/td>\n<\/tr>\n<tr class=\"row_odd odd\">\n<td headers=\"id7b93_c0\">AnglaisTICE 3<\/td>\n<td headers=\"id7b93_c1\">&nbsp;<\/td>\n<td headers=\"id7b93_c2\">&nbsp;<\/td>\n<\/tr>\n<tr class=\"row_even even\">\n<td headers=\"id7b93_c0\"><strong>UE5 Initiation \u00e0 la recherche<\/strong><\/td>\n<td headers=\"id7b93_c1\">6 ects<\/td>\n<td headers=\"id7b93_c2\">54h<\/td>\n<\/tr>\n<\/tbody>\n<\/table>\n<table class=\"spip\">\n<thead>\n<tr class=\"row_first\">\n<th id=\"id8f07_c0\">SEMESTRE 2<\/th>\n<th id=\"id8f07_c1\">&nbsp;<\/th>\n<th id=\"id8f07_c2\">&nbsp;<\/th>\n<\/tr>\n<\/thead>\n<thead>\n<tr class=\"row_first\">\n<th id=\"id8f07_c0\">Unit\u00e9 d\u2019enseignement<\/th>\n<th id=\"id8f07_c1\">ECTS<\/th>\n<th id=\"id8f07_c2\">Vol. Horaire<\/th>\n<\/tr>\n<\/thead>\n<tbody>\n<tr class=\"row_odd odd\">\n<td headers=\"id8f07_c0\"><strong>UE6 Distributions<\/strong><\/td>\n<td headers=\"id8f07_c1\">7 ects<\/td>\n<td headers=\"id8f07_c2\">54h<\/td>\n<\/tr>\n<tr class=\"row_even even\">\n<td headers=\"id8f07_c0\"><strong>UE7 Approximation des EDP<\/strong><\/td>\n<td headers=\"id8f07_c1\">7 ects<\/td>\n<td headers=\"id8f07_c2\">60h<\/td>\n<\/tr>\n<tr class=\"row_odd odd\">\n<td headers=\"id8f07_c0\"><strong>UE8 Recherche th\u00e8me laboratoire <\/strong><\/td>\n<td headers=\"id8f07_c1\">6 ects<\/td>\n<td headers=\"id8f07_c2\">60h<\/td>\n<\/tr>\n<tr class=\"row_even even\">\n<td headers=\"id8f07_c0\">Optimisation<br class=\"autobr\">Physique math\u00e9matique<\/td>\n<td headers=\"id8f07_c1\">&nbsp;<\/td>\n<td headers=\"id8f07_c2\">&nbsp;<\/td>\n<\/tr>\n<tr class=\"row_odd odd\">\n<td headers=\"id8f07_c0\"><strong>UE9 Mod\u00e9lisation \/ enseignement<\/strong><\/td>\n<td headers=\"id8f07_c1\">3 ects<\/td>\n<td headers=\"id8f07_c2\">36h<\/td>\n<\/tr>\n<tr class=\"row_even even\">\n<td headers=\"id8f07_c0\"><strong>UE10 TER \/ langue <\/strong><\/td>\n<td headers=\"id8f07_c1\">7 ects<\/td>\n<td headers=\"id8f07_c2\">22h<\/td>\n<\/tr>\n<tr class=\"row_odd odd\">\n<td headers=\"id8f07_c0\">TER ou Stage \u00e0 l\u2019ext\u00e9rieur<br class=\"autobr\">Anglais<\/td>\n<td headers=\"id8f07_c1\">&nbsp;<\/td>\n<\/tr>\n<\/tbody>\n<\/table>\n<h2>Informations TER :<\/h2>\n<p><strong>M1<\/strong>&nbsp;: Le TER (Travail Encadr\u00e9 de Recherche) du Master 1 dure 5-6 semaines. Il s\u2019effectue sous la direction d\u2019un enseignant-chercheur dans un laboratoire d\u2019accueil (CPT, IMATH, etc.), dans une \u00e9cole d\u2019ing\u00e9nieurs (SeaTech, etc.) ou comme stage dans une entreprise ext\u00e9rieure.<\/p>\n","protected":false},"excerpt":{"rendered":"<p>Contenus des enseignements SEMESTRE 1 &nbsp; &nbsp; Unit\u00e9 d\u2019enseignement ECTS Vol. Horaire UE1 G\u00e9om\u00e9trie diff\u00e9rentielle 7 ects 60h UE2 Analyse fonctionnelle 7 ects 54h UE3 Probabilit\u00e9s 7 ects 60h UE4 Langues &amp; TICE 3 ects 28h AnglaisTICE 3 &nbsp; &nbsp; UE5 Initiation \u00e0 la recherche 6 ects 54h SEMESTRE 2 &nbsp; &nbsp; Unit\u00e9 d\u2019enseignement ECTS [&hellip;]<\/p>\n","protected":false},"author":11,"featured_media":0,"parent":0,"menu_order":0,"comment_status":"closed","ping_status":"closed","template":"","meta":{"ngg_post_thumbnail":0,"footnotes":""},"class_list":["post-115","page","type-page","status-publish","hentry"],"_links":{"self":[{"href":"https:\/\/sites.univ-tln.fr\/master-math\/wp-json\/wp\/v2\/pages\/115","targetHints":{"allow":["GET"]}}],"collection":[{"href":"https:\/\/sites.univ-tln.fr\/master-math\/wp-json\/wp\/v2\/pages"}],"about":[{"href":"https:\/\/sites.univ-tln.fr\/master-math\/wp-json\/wp\/v2\/types\/page"}],"author":[{"embeddable":true,"href":"https:\/\/sites.univ-tln.fr\/master-math\/wp-json\/wp\/v2\/users\/11"}],"replies":[{"embeddable":true,"href":"https:\/\/sites.univ-tln.fr\/master-math\/wp-json\/wp\/v2\/comments?post=115"}],"version-history":[{"count":2,"href":"https:\/\/sites.univ-tln.fr\/master-math\/wp-json\/wp\/v2\/pages\/115\/revisions"}],"predecessor-version":[{"id":312,"href":"https:\/\/sites.univ-tln.fr\/master-math\/wp-json\/wp\/v2\/pages\/115\/revisions\/312"}],"wp:attachment":[{"href":"https:\/\/sites.univ-tln.fr\/master-math\/wp-json\/wp\/v2\/media?parent=115"}],"curies":[{"name":"wp","href":"https:\/\/api.w.org\/{rel}","templated":true}]}}