{"id":45,"date":"2018-01-07T14:50:20","date_gmt":"2018-01-07T13:50:20","guid":{"rendered":"http:\/\/sites.univ-tln.fr\/master-biomar\/?page_id=45"},"modified":"2018-03-03T10:40:11","modified_gmt":"2018-03-03T09:40:11","slug":"contacts","status":"publish","type":"page","link":"https:\/\/sites.univ-tln.fr\/master-materiaux\/contacts\/","title":{"rendered":"Contacts"},"content":{"rendered":"<p><strong>Adresse :<\/strong><br \/>\nUniversit\u00e9 de Toulon &#8211; UFR Sciences et Techniques<br \/>\nB\u00e2timent U &#8211; Campus de La Garde<br \/>\nCS 60584<br \/>\n83041 TOULON CEDEX 9<\/p>\n<p><strong>Une question ?<\/strong><\/p>\n<p>N&rsquo;h\u00e9sitez pas \u00e0 nous contacter via le formulaire suivant, une r\u00e9ponse vous sera apport\u00e9e dans les meilleurs d\u00e9lais :<\/p>\n\n<div class=\"wpcf7 no-js\" id=\"wpcf7-f47-o1\" lang=\"fr-FR\" dir=\"ltr\" data-wpcf7-id=\"47\">\n<div class=\"screen-reader-response\"><p role=\"status\" aria-live=\"polite\" aria-atomic=\"true\"><\/p> <ul><\/ul><\/div>\n<form action=\"\/master-materiaux\/wp-json\/wp\/v2\/pages\/45#wpcf7-f47-o1\" method=\"post\" class=\"wpcf7-form init\" aria-label=\"Formulaire de contact\" novalidate=\"novalidate\" data-status=\"init\">\n<fieldset class=\"hidden-fields-container\"><input type=\"hidden\" name=\"_wpcf7\" value=\"47\" \/><input type=\"hidden\" name=\"_wpcf7_version\" value=\"6.1.5\" \/><input type=\"hidden\" name=\"_wpcf7_locale\" value=\"fr_FR\" \/><input type=\"hidden\" name=\"_wpcf7_unit_tag\" value=\"wpcf7-f47-o1\" \/><input type=\"hidden\" name=\"_wpcf7_container_post\" value=\"0\" \/><input type=\"hidden\" name=\"_wpcf7_posted_data_hash\" value=\"\" \/><input type=\"hidden\" name=\"_wpcf7_recaptcha_response\" value=\"\" \/>\n<\/fieldset>\n<p>Votre nom (obligatoire)\n<\/p>\n<p><span class=\"wpcf7-form-control-wrap\" data-name=\"your-name\"><input size=\"40\" maxlength=\"400\" class=\"wpcf7-form-control wpcf7-text wpcf7-validates-as-required\" aria-required=\"true\" aria-invalid=\"false\" value=\"\" type=\"text\" name=\"your-name\" \/><\/span>\n<\/p>\n<p>Votre email (obligatoire)\n<\/p>\n<p><span class=\"wpcf7-form-control-wrap\" data-name=\"your-email\"><input size=\"40\" maxlength=\"400\" class=\"wpcf7-form-control wpcf7-email wpcf7-validates-as-required wpcf7-text wpcf7-validates-as-email\" aria-required=\"true\" aria-invalid=\"false\" value=\"\" type=\"email\" name=\"your-email\" \/><\/span>\n<\/p>\n<p>Sujet\n<\/p>\n<p><span class=\"wpcf7-form-control-wrap\" data-name=\"your-subject\"><input size=\"40\" maxlength=\"400\" class=\"wpcf7-form-control wpcf7-text\" aria-invalid=\"false\" value=\"\" type=\"text\" name=\"your-subject\" \/><\/span>\n<\/p>\n<p>Votre message\n<\/p>\n<p><span class=\"wpcf7-form-control-wrap\" data-name=\"your-message\"><textarea cols=\"40\" rows=\"10\" maxlength=\"2000\" class=\"wpcf7-form-control wpcf7-textarea\" aria-invalid=\"false\" name=\"your-message\"><\/textarea><\/span>\n<\/p>\n<p><input class=\"wpcf7-form-control wpcf7-submit has-spinner\" type=\"submit\" value=\"Envoyer\" \/>\n<\/p><div class=\"wpcf7-response-output\" aria-hidden=\"true\"><\/div>\n<\/form>\n<\/div>\n\n","protected":false},"excerpt":{"rendered":"<p>Adresse : Universit\u00e9 de Toulon &#8211; UFR Sciences et Techniques B\u00e2timent U &#8211; Campus de La Garde CS 60584 83041 TOULON CEDEX 9 Une question ? N&rsquo;h\u00e9sitez pas \u00e0 nous <a class=\"more-link\" href=\"https:\/\/sites.univ-tln.fr\/master-materiaux\/contacts\/\">En savoir +<\/a><\/p>\n","protected":false},"author":1,"featured_media":0,"parent":0,"menu_order":0,"comment_status":"closed","ping_status":"closed","template":"","meta":{"ngg_post_thumbnail":0,"footnotes":""},"class_list":["post-45","page","type-page","status-publish","hentry"],"_links":{"self":[{"href":"https:\/\/sites.univ-tln.fr\/master-materiaux\/wp-json\/wp\/v2\/pages\/45","targetHints":{"allow":["GET"]}}],"collection":[{"href":"https:\/\/sites.univ-tln.fr\/master-materiaux\/wp-json\/wp\/v2\/pages"}],"about":[{"href":"https:\/\/sites.univ-tln.fr\/master-materiaux\/wp-json\/wp\/v2\/types\/page"}],"author":[{"embeddable":true,"href":"https:\/\/sites.univ-tln.fr\/master-materiaux\/wp-json\/wp\/v2\/users\/1"}],"replies":[{"embeddable":true,"href":"https:\/\/sites.univ-tln.fr\/master-materiaux\/wp-json\/wp\/v2\/comments?post=45"}],"version-history":[{"count":1,"href":"https:\/\/sites.univ-tln.fr\/master-materiaux\/wp-json\/wp\/v2\/pages\/45\/revisions"}],"predecessor-version":[{"id":1143,"href":"https:\/\/sites.univ-tln.fr\/master-materiaux\/wp-json\/wp\/v2\/pages\/45\/revisions\/1143"}],"wp:attachment":[{"href":"https:\/\/sites.univ-tln.fr\/master-materiaux\/wp-json\/wp\/v2\/media?parent=45"}],"curies":[{"name":"wp","href":"https:\/\/api.w.org\/{rel}","templated":true}]}}