{"id":187,"date":"2016-03-22T09:27:45","date_gmt":"2016-03-22T08:27:45","guid":{"rendered":"http:\/\/sites.univ-tln.fr\/master-stem\/?page_id=187"},"modified":"2018-02-25T11:43:16","modified_gmt":"2018-02-25T10:43:16","slug":"international","status":"publish","type":"page","link":"https:\/\/sites.univ-tln.fr\/master-materiaux\/international\/","title":{"rendered":"International"},"content":{"rendered":"<p><strong>L&rsquo;exp\u00e9rience internationale est vivement recommand\u00e9e, encourag\u00e9e et accompagn\u00e9e<\/strong> pendant le master. Elle peut \u00eatre r\u00e9alis\u00e9e :<\/p>\n<ol>\n<li><strong><span style=\"text-decoration: underline\">durant le stage<\/span><\/strong> de 1ere (minimum 2 mois jusqu&rsquo;\u00e0 5 mois possible) ou 2eme ann\u00e9e (minimum 5 mois) dans un laboratoire de recherche partenaire ou une entreprise<\/li>\n<li><span style=\"text-decoration: underline\"><strong>pendant 1 semestre dans une universit\u00e9 \u00e9trang\u00e8re<\/strong><\/span> (Canada, USA, Italie, Belgique, Mexique, &#8230;) apr\u00e8s validation du programme p\u00e9dagogique<\/li>\n<li><span style=\"text-decoration: underline\"><strong>durant le semestre 3<\/strong> <\/span>du master Mat\u00e9riaux Innovants, Intelligents et Durables \u00e0 l&rsquo;Universit\u00e9 Nationale du Vietnam \u00e0 Hano\u00ef (<a href=\"http:\/\/sites.univ-tln.fr\/master-stem\/master-stem-2eme-annee-mae-international\/\">voir dipl\u00f4me d\u00e9localis\u00e9<\/a>)<\/li>\n<\/ol>\n<p>Selon le projet de l&rsquo;\u00e9tudiant, des bourses de mobilit\u00e9s (Erasmus, Universit\u00e9 de Toulon, Conseil r\u00e9gional PACA, Programme Crepuq Qu\u00e9bec, Agence Universitaire de la Francophonie&#8230;) sont mobilis\u00e9es pour accompagner financi\u00e8rement l&rsquo;exp\u00e9rience \u00e0 l&rsquo;\u00e9tranger.<\/p>\n<p>Un \u00e9tudiant ayant r\u00e9alis\u00e9 un semestre d&rsquo;\u00e9tudes \u00e0 l&rsquo;\u00e9tranger et un stage \u00e0 l&rsquo;\u00e9tranger b\u00e9n\u00e9ficiera du label <strong><a href=\"http:\/\/sites.univ-tln.fr\/master-materiaux\/master-csmat-parcours-international\/\">parcours international<\/a>.<\/strong><\/p>\n<h3>Dipl\u00f4me d\u00e9localis\u00e9 :<\/h3>\n<p style=\"text-align: justify\">La seconde ann\u00e9e du master Chimie et Sciences des Mat\u00e9riaux &#8211; parcours <strong>Mat\u00e9riaux Innovants, Intelligents et Durables<\/strong> est d\u00e9localis\u00e9e \u00e0<strong> l&rsquo;Universit\u00e9 Nationale du Vietnam \u00e0 Hano\u00ef<\/strong>. Elle accueille chaque ann\u00e9e, depuis 2008, une promotion d&rsquo;\u00e9tudiants francophones internationaux qui suivent le m\u00eame programme que la sp\u00e9cialit\u00e9 MIn3D \u00e0 l&rsquo;Universit\u00e9 de Toulon. Les enseignements sont assur\u00e9s \u00e0 50% par les enseignants chercheurs de l&rsquo;universit\u00e9 de Toulon, du Mans, d&rsquo;Aix-Marseille ou de Mons ( Belgique) et par les enseignants- chercheurs vietnamiens francophones ayant r\u00e9alis\u00e9 leur doctorat en France.<\/p>\n<p style=\"text-align: justify\">Cette formation d\u00e9localis\u00e9e est accessible aux \u00e9tudiants ayant valid\u00e9 leur M1 CSMat de l&rsquo;Universit\u00e9 de Toulon ou l&rsquo;\u00e9quivalent d&rsquo;une premi\u00e8re ann\u00e9e de master dans le domaine de la chimie ou des mat\u00e9riaux. Ils peuvent suivre les enseignements th\u00e9oriques et passer les examens de septembre \u00e0 janvier \u00e0 Hano\u00ef puis poursuivre en stage dans les laboratoires tr\u00e8s bien \u00e9quip\u00e9s de la facult\u00e9 de chimie (organique, analytique, physico-chimie, p\u00e9trochimie, pharmacie) \u00e0 Hano\u00ef de janvier \u00e0 juin. Ils peuvent \u00e9galement choisir un stage en dehors du Vietnam comme tous les \u00e9tudiants du master MIn3D selon leur projet professionnel.<\/p>\n<h3>Semestre \u00e0 l&rsquo;\u00e9tranger :<\/h3>\n<p>Le semestre \u00e0 l&rsquo;\u00e9tranger se construit avec l&rsquo;appui de l&rsquo;\u00e9quipe p\u00e9dagogique du master pour \u00e9tablir un programme d&rsquo;enseignement construit entre les deux universit\u00e9s pour \u00eatre valider. <a href=\"http:\/\/sites.univ-tln.fr\/master-stem\/semestre-ou-stage-a-letranger-2\/\">Plus d&rsquo;informations sur l&rsquo;accompagnement d&rsquo;une exp\u00e9rience internationale.<\/a><\/p>\n<h3>Stage \u00e0 l&rsquo;\u00e9tranger :<\/h3>\n<p>Plus facile \u00e0 mettre en place que le semestre d&rsquo;\u00e9tude \u00e0 l&rsquo;\u00e9tranger, le stage international permet aux \u00e9tudiants de valoriser leurs comp\u00e9tences scientifiques dans un environnement culturel diff\u00e9rent. Il est tr\u00e8s valoris\u00e9 par les entreprises \u00e0 l&rsquo;issue de la formation. <a href=\"http:\/\/sites.univ-tln.fr\/master-stem\/semestre-ou-stage-a-letranger-2\/\">Liste des pays et des laboratoires d&rsquo;accueil.<\/a><\/p>\n<h3>Double dipl\u00f4me :<\/h3>\n<p>Un projet de double dipl\u00f4me avec l\u2019universit\u00e9 Sidi Mohamed Ben Abdellah (USMBA) de FES au Maroc est en cours de discussion. <a href=\"http:\/\/sites.univ-tln.fr\/master-stem\/double-diplome-2\/\">Lire la suite<\/a><\/p>\n<h3>Accords ERASMUS :<\/h3>\n<p><strong>L&rsquo;universit\u00e9 de Toulon est accr\u00e9dit\u00e9e par le programme Eramus+<\/strong>. Il permet de b\u00e9n\u00e9ficier <strong>de bourse de mobilit\u00e9 pour les \u00e9tudiants<\/strong> (6 mois pour un semestre de formation ou 3 \u00e0 5 mois pour un stage) <strong>dans l&rsquo;ensemble des universit\u00e9s partenaires<\/strong> de l&rsquo;universit\u00e9 de Toulon.<\/p>\n<p>Le Master MIn3D dispose de deux accords Erasmus+ permettant l&rsquo;\u00e9change d&rsquo;\u00e9tudiants et d&rsquo;enseignants chercheurs avec :<\/p>\n<ol>\n<li>L&rsquo;universit\u00e9 de Mons (Belgique) avec le master Chimie et Mat\u00e9riaux (accessible aux \u00e9tudiants du master CSMat) et le laboratoire de Chimie des Mat\u00e9riaux Nouveaux (stages)<\/li>\n<li>L&rsquo;institut Polytechnique de Turin (Italie) avec le master Ing\u00e9nierie des Mat\u00e9riaux et le d\u00e9partement de chimie et mat\u00e9riaux<\/li>\n<\/ol>\n<h3>Laboratoires d&rsquo;accueil \u00e0 l&rsquo;\u00e9tranger<\/h3>\n<p>Les laboratoires de recherche partenaires des unit\u00e9s de recherche toulonnaise (MAPIEM, IM2NP) accueillent les \u00e9tudiants du master en stage tout comme d&rsquo;autres laboratoires sollicit\u00e9s par les \u00e9tudiants (Universit\u00e9 de Lyon, Toulouse, Montpellier, Bordeaux, Le Mans, Mulhouse, Marseille, Strasbourg, Nancy,&#8230;).<\/p>\n","protected":false},"excerpt":{"rendered":"<p>L&rsquo;exp\u00e9rience internationale est vivement recommand\u00e9e, encourag\u00e9e et accompagn\u00e9e pendant le master. Elle peut \u00eatre r\u00e9alis\u00e9e : durant le stage de 1ere (minimum 2 mois jusqu&rsquo;\u00e0 5 mois possible) ou 2eme <a class=\"more-link\" href=\"https:\/\/sites.univ-tln.fr\/master-materiaux\/international\/\">En savoir +<\/a><\/p>\n","protected":false},"author":1,"featured_media":0,"parent":0,"menu_order":0,"comment_status":"closed","ping_status":"closed","template":"","meta":{"ngg_post_thumbnail":0,"footnotes":""},"class_list":["post-187","page","type-page","status-publish","hentry"],"_links":{"self":[{"href":"https:\/\/sites.univ-tln.fr\/master-materiaux\/wp-json\/wp\/v2\/pages\/187","targetHints":{"allow":["GET"]}}],"collection":[{"href":"https:\/\/sites.univ-tln.fr\/master-materiaux\/wp-json\/wp\/v2\/pages"}],"about":[{"href":"https:\/\/sites.univ-tln.fr\/master-materiaux\/wp-json\/wp\/v2\/types\/page"}],"author":[{"embeddable":true,"href":"https:\/\/sites.univ-tln.fr\/master-materiaux\/wp-json\/wp\/v2\/users\/1"}],"replies":[{"embeddable":true,"href":"https:\/\/sites.univ-tln.fr\/master-materiaux\/wp-json\/wp\/v2\/comments?post=187"}],"version-history":[{"count":1,"href":"https:\/\/sites.univ-tln.fr\/master-materiaux\/wp-json\/wp\/v2\/pages\/187\/revisions"}],"predecessor-version":[{"id":1049,"href":"https:\/\/sites.univ-tln.fr\/master-materiaux\/wp-json\/wp\/v2\/pages\/187\/revisions\/1049"}],"wp:attachment":[{"href":"https:\/\/sites.univ-tln.fr\/master-materiaux\/wp-json\/wp\/v2\/media?parent=187"}],"curies":[{"name":"wp","href":"https:\/\/api.w.org\/{rel}","templated":true}]}}