{"id":102,"date":"2018-02-21T14:27:02","date_gmt":"2018-02-21T13:27:02","guid":{"rendered":"http:\/\/sites.univ-tln.fr\/master-biomar\/?page_id=16"},"modified":"2018-02-25T14:41:33","modified_gmt":"2018-02-25T13:41:33","slug":"master-chimie-et-sciences-des-materiaux","status":"publish","type":"page","link":"https:\/\/sites.univ-tln.fr\/master-materiaux\/master-chimie-et-sciences-des-materiaux\/","title":{"rendered":"Master Chimie et Sciences des Mat\u00e9riaux"},"content":{"rendered":"<p>Vous souhaitez acqu\u00e9rir des connaissances et comp\u00e9tences g\u00e9n\u00e9rales en <strong>science des mat\u00e9riaux<\/strong> avec une inclinaison forte pour l\u2019innovation et le d\u00e9veloppement durable. Cette mention ambitionne de former des cadres sp\u00e9cialistes (ing\u00e9nieurs\/chercheurs), <strong>chimistes, physico-chimistes ou physiciens<\/strong> des Mat\u00e9riaux intelligents et durables pour les secteurs \u00e9conomiques \u00e9mergents et dynamiques assurant aux dipl\u00f4m\u00e9s une tr\u00e8s bonne insertion professionnelle.<\/p>\n<p>Les dipl\u00f4m\u00e9s poss\u00e8dent une formation pouss\u00e9e et interdisciplinaire dans le domaine de la conception, de la caract\u00e9risation multi-\u00e9chelle des mat\u00e9riaux organiques, inorganiques, composites et de leur durabilit\u00e9 en environnements s\u00e9v\u00e8res destin\u00e9s au<strong> milieu marin, \u00e0 l\u2019a\u00e9ronautique, au m\u00e9dical, au spatial ou \u00e0 l\u2019\u00e9nergie<\/strong>.<\/p>\n<p>A l\u2019issue de la formation, vous serez capables de r\u00e9pondre <em>aux enjeux et probl\u00e9matiques soci\u00e9tales, \u00e9conomiques et scientifiques avanc\u00e9es<\/em> dans le secteur porteur des <strong>mat\u00e9riaux intelligents<\/strong> (auto-r\u00e9parants, sensibles \u00e0 l\u2019environnement, \u2026), <strong>innovants<\/strong> (multifonctionnels, bio-d\u00e9gradables,\u2026) et <strong>durables<\/strong> (ma\u00eetrise et mod\u00e9lisation du vieillissement, \u00e9co-conception, proc\u00e9d\u00e9s verts).<\/p>\n<p>L\u2019enseignement est con\u00e7u pour <em>ma\u00eetriser des connaissances&nbsp;<img loading=\"lazy\" decoding=\"async\" class=\"alignright size-full wp-image-1078\" src=\"http:\/\/sites.univ-tln.fr\/master-materiaux\/wp-content\/uploads\/sites\/22\/2018\/02\/MEB.jpg\" alt=\"\" width=\"226\" height=\"180\"> fondamentales alli\u00e9es \u00e0 une formation pratique<\/em> et <em>des projets collaboratifs initi\u00e9s<\/em> par&nbsp;les industriels du secteur r\u00e9alis\u00e9s sur <strong>des \u00e9quipements d\u2019\u00e9laboration et de caract\u00e9risations de hautes technologies<\/strong> accessibles au sein des laboratoires soutiens de cette mention (<a href=\"http:\/\/mapiem.univ-tln.fr\">MAPIEM<\/a>, <a href=\"http:\/\/www.im2np.fr\">IM2NP<\/a>).<\/p>\n<p>Les enseignements sont compl\u00e9t\u00e9s par des <strong>intervenants professionnels<\/strong> qui assurent une culture industrielle et socio-\u00e9conomique favorisant <strong>la r\u00e9ussite du parcours professionnel<\/strong> des dipl\u00f4m\u00e9s.<br class=\"autobr\"> Chaque \u00e9tudiant est personnellement accompagn\u00e9 pour <a href=\"http:\/\/sites.univ-tln.fr\/master-materiaux\/International\/\"><em>une exp\u00e9rience \u00e0 l\u2019\u00e9tranger<\/em><\/a> (semestre ou stage) gr\u00e2ce \u00e0 une \u00e9quipe enseignante capable de mobiliser son r\u00e9seau dense de<a href=\"http:\/\/sites.univ-tln.fr\/master-materiaux\/laboratoires-daccueil-a-letranger-2\/\"> partenaires internationaux<\/a> pour r\u00e9pondre aux souhaits des \u00e9tudiants.<\/p>\n<p>L&rsquo;enseignement se d\u00e9roule sur un campus m\u00e9diterran\u00e9en moderne <img loading=\"lazy\" decoding=\"async\" class=\"alignright size-full wp-image-1069\" src=\"http:\/\/sites.univ-tln.fr\/master-materiaux\/wp-content\/uploads\/sites\/22\/2018\/02\/batiment-R.jpg\" alt=\"\" width=\"226\" height=\"120\">et&nbsp;arbor\u00e9 de 35 hectares, au sein de la m\u00e9tropole toulonnaise, la plus dynamique de la r\u00e9gion Provence-Alpes-C\u00f4te d&rsquo;Azur. Vous trouverez des activit\u00e9s culturelles, sportives, festives propos\u00e9es par les services de l&rsquo;universit\u00e9 (<a href=\"http:\/\/www.univ-tln.fr\/-Vie-etudiante-.html\">services de la vie \u00e9tudiante<\/a>, <a href=\"http:\/\/www.univ-tln.fr\/-Sport-.html\">service des sports<\/a>, <a href=\"http:\/\/www.univ-tln.fr\/-Bibliotheque-.html\">biblioth\u00e8que universitaire<\/a>&#8230;.) en relation avec les grands \u00e9quipements culturels ou sportifs de la m\u00e9tropole de Toulon (<a href=\"http:\/\/www.operadetoulon.fr\/\">Op\u00e9ra<\/a>, Th\u00e9atre, Conservatoires, Z\u00e9nith&#8230;).<\/p>\n<p><img loading=\"lazy\" decoding=\"async\" class=\"alignright size-full wp-image-1071\" src=\"http:\/\/sites.univ-tln.fr\/master-materiaux\/wp-content\/uploads\/sites\/22\/2018\/02\/toulon.jpg\" alt=\"\" width=\"226\" height=\"120\"><img loading=\"lazy\" decoding=\"async\" class=\"alignright size-full wp-image-1070\" src=\"http:\/\/sites.univ-tln.fr\/master-materiaux\/wp-content\/uploads\/sites\/22\/2018\/02\/VE.jpg\" alt=\"\" width=\"226\" height=\"180\"><\/p>\n<p><img loading=\"lazy\" decoding=\"async\" class=\"alignright size-full wp-image-1073\" src=\"http:\/\/sites.univ-tln.fr\/master-materiaux\/wp-content\/uploads\/sites\/22\/2018\/02\/sports.jpg\" alt=\"\" width=\"226\" height=\"160\"><\/p>\n","protected":false},"excerpt":{"rendered":"<p>Vous souhaitez acqu\u00e9rir des connaissances et comp\u00e9tences g\u00e9n\u00e9rales en science des mat\u00e9riaux avec une inclinaison forte pour l\u2019innovation et le d\u00e9veloppement durable. Cette mention ambitionne de former des cadres sp\u00e9cialistes <a class=\"more-link\" href=\"https:\/\/sites.univ-tln.fr\/master-materiaux\/master-chimie-et-sciences-des-materiaux\/\">En savoir +<\/a><\/p>\n","protected":false},"author":1,"featured_media":0,"parent":0,"menu_order":0,"comment_status":"closed","ping_status":"closed","template":"","meta":{"ngg_post_thumbnail":0,"footnotes":""},"class_list":["post-102","page","type-page","status-publish","hentry"],"_links":{"self":[{"href":"https:\/\/sites.univ-tln.fr\/master-materiaux\/wp-json\/wp\/v2\/pages\/102","targetHints":{"allow":["GET"]}}],"collection":[{"href":"https:\/\/sites.univ-tln.fr\/master-materiaux\/wp-json\/wp\/v2\/pages"}],"about":[{"href":"https:\/\/sites.univ-tln.fr\/master-materiaux\/wp-json\/wp\/v2\/types\/page"}],"author":[{"embeddable":true,"href":"https:\/\/sites.univ-tln.fr\/master-materiaux\/wp-json\/wp\/v2\/users\/1"}],"replies":[{"embeddable":true,"href":"https:\/\/sites.univ-tln.fr\/master-materiaux\/wp-json\/wp\/v2\/comments?post=102"}],"version-history":[{"count":16,"href":"https:\/\/sites.univ-tln.fr\/master-materiaux\/wp-json\/wp\/v2\/pages\/102\/revisions"}],"predecessor-version":[{"id":1082,"href":"https:\/\/sites.univ-tln.fr\/master-materiaux\/wp-json\/wp\/v2\/pages\/102\/revisions\/1082"}],"wp:attachment":[{"href":"https:\/\/sites.univ-tln.fr\/master-materiaux\/wp-json\/wp\/v2\/media?parent=102"}],"curies":[{"name":"wp","href":"https:\/\/api.w.org\/{rel}","templated":true}]}}