{"id":27,"date":"2019-05-14T09:15:46","date_gmt":"2019-05-14T07:15:46","guid":{"rendered":"http:\/\/sites.univ-tln.fr\/julien-green\/?page_id=27"},"modified":"2019-05-27T15:13:01","modified_gmt":"2019-05-27T13:13:01","slug":"programme","status":"publish","type":"page","link":"https:\/\/sites.univ-tln.fr\/julien-green\/programme\/","title":{"rendered":"Programme"},"content":{"rendered":"\n<h2 class=\"wp-block-heading\">Mardi 28 mai 2019<\/h2>\n\n\n\n<ul class=\"wp-block-list\"><li>10h. Ouverture&nbsp;par M. Xavier Leroux, Pr\u00e9sident de l\u2019Universit\u00e9 de Toulon<\/li><\/ul>\n\n\n\n<p><strong><em>S\u00e9ance 1.<\/em> De la p\u00e9dagogie \u00e0 la prop\u00e9deutique<\/strong>. <br>Mod\u00e9rateur : Alain Morello, Universit\u00e9 de Toulon<\/p>\n\n\n\n<ul class=\"wp-block-list\"><li>10h30. Marie-Fran\u00e7oise Can\u00e9rot (Poitiers)<\/li><\/ul>\n\n\n\n<p>\u00ab&nbsp;Comment l&rsquo;esprit vient aux ben\u00eats&nbsp;\u00bb :\nl&rsquo;autobiographie greenienne, un texte \u00e0 l\u2019usage de la p\u00e9dagogie moderne&nbsp;?<\/p>\n\n\n\n<ul class=\"wp-block-list\"><li>11h10. Anne-Laure Andevert (Avignon)<\/li><\/ul>\n\n\n\n<p>La figure de l\u2019enseignant, entre ogre et <em>inetto<\/em><\/p>\n\n\n\n<ul class=\"wp-block-list\"><li>11h50. J\u00e9r\u00f4me Pourcelot (Amiens)<\/li><\/ul>\n\n\n\n<p>Les\n\u00e9crits de Port-Royal dans&nbsp;la formation intellectuelle de&nbsp;Julien Green\n: une prop\u00e9deutique spirituelle ?<\/p>\n\n\n\n<p><strong>D\u00e9jeuner. 12h30-14h<\/strong><\/p>\n\n\n\n<p><strong><em>S\u00e9ance 2. <\/em>Une \u00e9ducation am\u00e9ricaine<\/strong>.<br>Mod\u00e9ratrice : Carole Auroy, Universit\u00e9 d\u2019Angers<\/p>\n\n\n\n<ul class=\"wp-block-list\"><li>14h. John Marson&nbsp;Dunaway&nbsp;(Mercer, USA) <\/li><\/ul>\n\n\n\n<p>Julien Green, voyageur sur la terre.<\/p>\n\n\n\n<ul class=\"wp-block-list\"><li>14h40. Jean-Claude Brochu (Longueuil, Qu\u00e9bec)<\/li><\/ul>\n\n\n\n<p>Introduction \u00e0 la m\u00e9thode de Julien Green<\/p>\n\n\n\n<p><strong>Pause: 15h20-15h40<\/strong><\/p>\n\n\n\n<ul class=\"wp-block-list\"><li>15h40. Andr\u00e9-Alain Morello (Toulon)<\/li><\/ul>\n\n\n\n<p>Les le\u00e7ons am\u00e9ricaines de Julien Green&nbsp;<\/p>\n\n\n\n<ul class=\"wp-block-list\"><li>16h20. Alice Bailey Cheylan (Toulon)<\/li><\/ul>\n\n\n\n<p>Les mots anglais de Julien Green<\/p>\n\n\n\n<p class=\"has-text-color has-background has-dark-gray-color has-light-gray-background-color\"><strong>A partir de 19h45<\/strong> : Diner au restaurant Le\u00a0ZINC \u00e0 Toulon. Acc\u00e8s <a href=\"https:\/\/www.google.com\/maps\/place\/Le+Zinc\/@43.1240525,5.9328299,15z\/data=!4m2!3m1!1s0x0:0xd560fe398e6db99d?sa=X&amp;ved=2ahUKEwjmw73Z47viAhWHHxQKHaiYDv8Q_BIwCnoECAoQCA\">ici<\/a><\/p>\n\n\n\n<h2 class=\"wp-block-heading\"><strong>Mercredi 29 mai<\/strong><\/h2>\n\n\n\n<p><strong><em>S\u00e9ance 3. <\/em>Perspectives sociologiques<\/strong>.<br>Mod\u00e9ratrice : Emmeline Gros, Universit\u00e9 de Toulon <\/p>\n\n\n\n<ul class=\"wp-block-list\"><li>10h. Carole Auroy (Angers)<\/li><\/ul>\n\n\n\n<p>\u00ab&nbsp;\u2026 puisqu\u2019il fallait faire quelque chose&nbsp;\u00bb. Du perfectionnement de l\u2019esprit \u00e0 l\u2019acquisition d\u2019un m\u00e9tier : le jeune Julien Green \u00e0 l\u2019heure des choix.<\/p>\n\n\n\n<ul class=\"wp-block-list\"><li>10h40. Thomas Edeling&nbsp;(Zwickau, Allemagne)<\/li><\/ul>\n\n\n\n<p>Formation, profession, vocation dans\nle&nbsp;<em>Journal<\/em>&nbsp;de Julien Green au prisme de la sociologie : le&nbsp;regard\nde Max Weber sur l&rsquo;esprit scientifique dans&nbsp;<em>Le M\u00e9tier et la Vocation du\nSavant<\/em><\/p>\n\n\n\n<ul class=\"wp-block-list\"><li>11h20. Teresa Castela (Porto, Portugal) <\/li><\/ul>\n\n\n\n<p>L\u2019\u00e9cole des femmes, dans l\u2019\u0153uvre\nromanesque de Julien Green<strong><br>\n<\/strong><\/p>\n\n\n\n<p><strong>D\u00e9jeuner:<\/strong> <strong>12h00-14h.<\/strong> Salle BABEL. <\/p>\n\n\n\n<p><strong>Un h\u00e9ritage \u00e0 transmettre<\/strong>.<br>Mod\u00e9ratrice : Marie-Fran\u00e7oise Can\u00e9rot, Universit\u00e9 de Poitiers<\/p>\n\n\n\n<ul class=\"wp-block-list\"><li>14h. Susan Arden-Joly (Savannah, USA) et Camille Gros<\/li><\/ul>\n\n\n\n<p>Julien&rsquo;s family background from Civil War Savannah to Jazz Age Paris.<\/p>\n\n\n\n<ul class=\"wp-block-list\"><li>14h40. Emmeline Gros (Toulon)<\/li><\/ul>\n\n\n\n<p>\u00c0 la\nRecherche du Bonheur dans <em>Terre lointaine<\/em><\/p>\n\n\n\n<ul class=\"wp-block-list\"><li>15h. Table ronde&nbsp;: Actualit\u00e9 et avenir des \u00e9tudes greeniennes <\/li><\/ul>\n\n\n\n<p>avec Carole Auroy,\nMarie-Fran\u00e7oise Can\u00e9rot, Emmeline Gros, Andr\u00e9-Alain Morello, Luria Rebeca Serban (Bucarest)<\/p>\n\n\n\n<p><strong>17h: Conclusion<\/strong><\/p>\n\n\n\n<p><strong>A partir de 19h45 : Diner au restaurant Le Saint Gabriel sur le Port de Toulon.<\/strong> Acc\u00e8s<a href=\"https:\/\/www.google.com\/maps\/place\/LE+SAINT+GABRIEL\/@43.1198266,5.9325286,15z\/data=!4m5!3m4!1s0x0:0xba3fab59d99fdc38!8m2!3d43.1198266!4d5.9325286\"> ici<\/a>.<strong>\u00a0<\/strong><\/p>\n","protected":false},"excerpt":{"rendered":"<p>Mardi 28 mai 2019 10h. Ouverture&nbsp;par M. Xavier Leroux, Pr\u00e9sident de l\u2019Universit\u00e9 de Toulon S\u00e9ance 1. De la p\u00e9dagogie \u00e0 la prop\u00e9deutique. Mod\u00e9rateur : Alain Morello, Universit\u00e9 de Toulon 10h30. Marie-Fran\u00e7oise Can\u00e9rot (Poitiers) \u00ab&nbsp;Comment l&rsquo;esprit vient aux ben\u00eats&nbsp;\u00bb : l&rsquo;autobiographie greenienne, un texte \u00e0 l\u2019usage de la p\u00e9dagogie moderne&nbsp;? 11h10. Anne-Laure Andevert (Avignon) La figure [&hellip;]<\/p>\n","protected":false},"author":1,"featured_media":0,"parent":0,"menu_order":0,"comment_status":"closed","ping_status":"closed","template":"","meta":{"ngg_post_thumbnail":0,"footnotes":""},"class_list":["post-27","page","type-page","status-publish","hentry"],"_links":{"self":[{"href":"https:\/\/sites.univ-tln.fr\/julien-green\/wp-json\/wp\/v2\/pages\/27","targetHints":{"allow":["GET"]}}],"collection":[{"href":"https:\/\/sites.univ-tln.fr\/julien-green\/wp-json\/wp\/v2\/pages"}],"about":[{"href":"https:\/\/sites.univ-tln.fr\/julien-green\/wp-json\/wp\/v2\/types\/page"}],"author":[{"embeddable":true,"href":"https:\/\/sites.univ-tln.fr\/julien-green\/wp-json\/wp\/v2\/users\/1"}],"replies":[{"embeddable":true,"href":"https:\/\/sites.univ-tln.fr\/julien-green\/wp-json\/wp\/v2\/comments?post=27"}],"version-history":[{"count":7,"href":"https:\/\/sites.univ-tln.fr\/julien-green\/wp-json\/wp\/v2\/pages\/27\/revisions"}],"predecessor-version":[{"id":59,"href":"https:\/\/sites.univ-tln.fr\/julien-green\/wp-json\/wp\/v2\/pages\/27\/revisions\/59"}],"wp:attachment":[{"href":"https:\/\/sites.univ-tln.fr\/julien-green\/wp-json\/wp\/v2\/media?parent=27"}],"curies":[{"name":"wp","href":"https:\/\/api.w.org\/{rel}","templated":true}]}}