{"id":59,"date":"2017-05-31T10:29:20","date_gmt":"2017-05-31T09:29:20","guid":{"rendered":"http:\/\/sites.univ-tln.fr\/itimari\/?page_id=59"},"modified":"2017-06-12T14:30:04","modified_gmt":"2017-06-12T13:30:04","slug":"partenaires","status":"publish","type":"page","link":"https:\/\/sites.univ-tln.fr\/itimari\/partenaires\/","title":{"rendered":"Partenaires"},"content":{"rendered":"<p><strong>Laboratoire Babel<\/strong> (Toulon)<br \/>\n<span style=\"font-size: 1rem;\">Universit\u00e9 de Toulon<br \/>\n<\/span><a href=\"http:\/\/babel.univ-tln.fr\">http:\/\/babel.univ-tln.fr<\/a><\/p>\n<p><strong>Laboratoire&nbsp;d&rsquo;ARCH\u00c9OLOGIE M\u00c9DI\u00c9VALE ET MODERNE EN M\u00c9DITERRAN\u00c9E (LA3M)<\/strong> (Aix-Marseille)<br \/>\nAix Marseille Universit\u00e9<br \/>\n<a href=\"http:\/\/la3m.cnrs.fr\/pages\/accueil.php\">http:\/\/la3m.cnrs.fr\/pages\/accueil.php<\/a><\/p>\n<p><strong>Mus\u00e9e national de la Marine de Toulon<\/strong><br \/>\n<a href=\"http:\/\/www.musee-marine.fr\/toulon\">http:\/\/www.musee-marine.fr\/toulon<\/a><\/p>\n<p><strong>Mucem<\/strong><br \/>\n<a href=\"http:\/\/www.mucem.org\/\">http:\/\/www.mucem.org\/<\/a><\/p>\n<p><strong>Toulon Provence M\u00e9diterran\u00e9e<br \/>\n<\/strong><a href=\"http:\/\/tpm-agglo.fr\/\">http:\/\/tpm-agglo.fr\/<\/a><\/p>\n<p><strong>Institut du Pluralisme Religieux et de l&rsquo;Ath\u00e9isme (IPRA)<\/strong><br \/>\n<a href=\"http:\/\/ipra.eu\/fr\/\">http:\/\/ipra.eu\/fr\/<\/a><\/p>\n<p><strong>IreMMo (Institut de Recherche et d&rsquo;\u00c9tudes M\u00e9diterran\u00e9e Moyen-Orient)<br \/>\n<\/strong><a href=\"http:\/\/iremmo.org\/\">http:\/\/iremmo.org\/<\/a><\/p>\n<p><img loading=\"lazy\" decoding=\"async\" class=\"aligncenter size-full wp-image-63\" src=\"http:\/\/sites.univ-tln.fr\/itimari\/wp-content\/uploads\/sites\/17\/2017\/05\/logos-partenaires-itimari.png\" alt=\"\" width=\"1662\" height=\"220\" srcset=\"https:\/\/sites.univ-tln.fr\/itimari\/wp-content\/uploads\/sites\/17\/2017\/05\/logos-partenaires-itimari.png 1662w, https:\/\/sites.univ-tln.fr\/itimari\/wp-content\/uploads\/sites\/17\/2017\/05\/logos-partenaires-itimari-300x40.png 300w, https:\/\/sites.univ-tln.fr\/itimari\/wp-content\/uploads\/sites\/17\/2017\/05\/logos-partenaires-itimari-768x102.png 768w, https:\/\/sites.univ-tln.fr\/itimari\/wp-content\/uploads\/sites\/17\/2017\/05\/logos-partenaires-itimari-1024x136.png 1024w, https:\/\/sites.univ-tln.fr\/itimari\/wp-content\/uploads\/sites\/17\/2017\/05\/logos-partenaires-itimari-624x83.png 624w\" sizes=\"auto, (max-width: 1662px) 100vw, 1662px\" \/><\/p>\n","protected":false},"excerpt":{"rendered":"<p>Laboratoire Babel (Toulon) Universit\u00e9 de Toulon http:\/\/babel.univ-tln.fr Laboratoire&nbsp;d&rsquo;ARCH\u00c9OLOGIE M\u00c9DI\u00c9VALE ET MODERNE EN M\u00c9DITERRAN\u00c9E (LA3M) (Aix-Marseille) Aix Marseille Universit\u00e9 http:\/\/la3m.cnrs.fr\/pages\/accueil.php Mus\u00e9e national de la Marine de Toulon http:\/\/www.musee-marine.fr\/toulon Mucem http:\/\/www.mucem.org\/ Toulon Provence M\u00e9diterran\u00e9e http:\/\/tpm-agglo.fr\/ Institut du Pluralisme Religieux et de l&rsquo;Ath\u00e9isme (IPRA) http:\/\/ipra.eu\/fr\/ IreMMo (Institut de Recherche et d&rsquo;\u00c9tudes M\u00e9diterran\u00e9e Moyen-Orient) http:\/\/iremmo.org\/<\/p>\n","protected":false},"author":1,"featured_media":0,"parent":0,"menu_order":0,"comment_status":"closed","ping_status":"closed","template":"","meta":{"ngg_post_thumbnail":0,"footnotes":""},"class_list":["post-59","page","type-page","status-publish","hentry"],"_links":{"self":[{"href":"https:\/\/sites.univ-tln.fr\/itimari\/wp-json\/wp\/v2\/pages\/59","targetHints":{"allow":["GET"]}}],"collection":[{"href":"https:\/\/sites.univ-tln.fr\/itimari\/wp-json\/wp\/v2\/pages"}],"about":[{"href":"https:\/\/sites.univ-tln.fr\/itimari\/wp-json\/wp\/v2\/types\/page"}],"author":[{"embeddable":true,"href":"https:\/\/sites.univ-tln.fr\/itimari\/wp-json\/wp\/v2\/users\/1"}],"replies":[{"embeddable":true,"href":"https:\/\/sites.univ-tln.fr\/itimari\/wp-json\/wp\/v2\/comments?post=59"}],"version-history":[{"count":5,"href":"https:\/\/sites.univ-tln.fr\/itimari\/wp-json\/wp\/v2\/pages\/59\/revisions"}],"predecessor-version":[{"id":91,"href":"https:\/\/sites.univ-tln.fr\/itimari\/wp-json\/wp\/v2\/pages\/59\/revisions\/91"}],"wp:attachment":[{"href":"https:\/\/sites.univ-tln.fr\/itimari\/wp-json\/wp\/v2\/media?parent=59"}],"curies":[{"name":"wp","href":"https:\/\/api.w.org\/{rel}","templated":true}]}}