{"id":43,"date":"2017-05-31T10:18:27","date_gmt":"2017-05-31T09:18:27","guid":{"rendered":"http:\/\/sites.univ-tln.fr\/itimari\/?page_id=43"},"modified":"2017-06-02T08:13:09","modified_gmt":"2017-06-02T07:13:09","slug":"acces-campus-toulon","status":"publish","type":"page","link":"https:\/\/sites.univ-tln.fr\/itimari\/acces-campus-toulon\/","title":{"rendered":"Acc\u00e8s Campus Toulon"},"content":{"rendered":"<div id=\"onglets_contenu_1\" class=\"onglets_contenu selected\">\n<h1>&nbsp;<\/h1>\n<div>&nbsp;<\/div>\n<h1 style=\"text-align: justify;\">D\u00e9tails des acc\u00e8s pour Toulon :<\/h1>\n<p style=\"text-align: justify;\"><strong>Le Colloque&nbsp;<\/strong>se d\u00e9roulera &nbsp;sur le <strong>Campus du Centre-Ville (Porte d\u2019Italie)<\/strong> de l\u2019Universit\u00e9 de Toulon : 70 Avenue Roger Devoucoux 83000 Toulon.&nbsp;Informations concernant le campus Porte d\u2019Italie sur&nbsp;: <a href=\"http:\/\/www.univ-tln.fr\/Campus-de-Toulon.html\">http:\/\/www.univ-tln.fr\/Campus-de-Toulon.html<\/a>.&nbsp;<\/p>\n<p style=\"text-align: justify;\">Vous trouverez ci-dessous un ensemble d&rsquo;informations pour vous aider \u00e0 pr\u00e9parer au mieux votre venue au colloque.&nbsp;Vous trouverez des informations utiles \u00e9galement sur le site de l\u2019Office de Tourisme de Toulon <a href=\"http:\/\/toulontourisme.com\/\">http:\/\/toulontourisme.com\/<\/a>&nbsp;et sur le site <a href=\"http:\/\/www.visitvar.fr\">www.visitvar.fr<\/a><\/p>\n<hr>\n<p style=\"text-align: center;\">&nbsp;<strong>Venir&nbsp;sur le campus de Toulon \u2013 Porte d\u2019Italie&nbsp;<\/strong><\/p>\n<ul>\n<li style=\"text-align: justify;\">Horaires des <strong>trains<\/strong> nationaux et r\u00e9servations disponibles sur le site de la <a href=\"http:\/\/www.sncf.com\/\">SNCF<\/a>. <a href=\"http:\/\/www.voyages-sncf.com\/\">http:\/\/www.voyages-sncf.com\/<\/a>.<\/li>\n<li style=\"text-align: justify;\">Toutes les informations sur les trajets nationaux <strong>en car<\/strong> disponibles sur le site d\u2019<a href=\"http:\/\/www.eurolines.fr\/fr\/infos--services\/points-darrets\/nos-points-darrets-en-france\/toulon\/\">Eurolines<\/a>. &nbsp;<a href=\"http:\/\/www.eurolines.fr\/\">http:\/\/www.eurolines.fr\/<\/a><\/li>\n<\/ul>\n<hr>\n<p style=\"text-align: center;\">&nbsp;<strong>Se rendre sur le campus Porte d&rsquo;Italie \u00e0 pied (depuis la gare)<\/strong><\/p>\n<p style=\"text-align: justify;\">Il est facile de s\u2019y rendre \u00e0 pied depuis les gares.&nbsp;Le campus Porte d\u2019Italie se trouve \u00e0 <strong>800m des gares SNCF et routi\u00e8re de Toulon.<\/strong><em>&nbsp;<\/em><\/p>\n<p style=\"text-align: justify;\"><strong>Plan d&rsquo;acc\u00e8s:<\/strong>&nbsp;D\u00e9zoomer sur le plan ci dessous avec la souris :<\/p>\n<p style=\"text-align: justify;\"><iframe loading=\"lazy\" src=\"https:\/\/mapsengine.google.com\/map\/embed?mid=zGBMQAXFSpxU.kyLzTyWKNQHg\" width=\"460\" height=\"480\"><\/iframe><\/p>\n<hr>\n<p style=\"text-align: center;\">&nbsp;<strong>Se rendre sur le campus Porte d&rsquo;Italie en bus<\/strong><\/p>\n<p style=\"text-align: justify;\">Il est \u00e9galement possible de prendre un bus jusqu\u2019\u00e0 l\u2019<strong>arr\u00eat Porte d\u2019Italie&nbsp;: ligne 3<\/strong> du R\u00e9seau Mistral&nbsp;; d\u00e9parts toutes les 10 minutes en moyenne. Tarif: 1, 40 euros. Information et horaires sur&nbsp; <a href=\"http:\/\/www.reseaumistral.com\/\">http:\/\/www.reseaumistral.com\/<\/a>. Pour&nbsp;toutes les informations sur les lignes de bus d\u00e9partementales et r\u00e9gionales<strong>&nbsp;<\/strong><strong>vous pouvez \u00e9galement contacter la Gare Routi\u00e8re<\/strong> <strong>de Toulon<\/strong><strong>, <\/strong>Boulevard de Tess\u00e9 \u2013 T\u00e9l. 04 94 24 60 00. ou consulter le site http:\/\/www.pacamobilite.fr\/<\/p>\n<p style=\"text-align: justify;\"><strong>La ligne 3 (depuis la Gare)&nbsp;<\/strong><\/p>\n<p>Depuis l&rsquo;arr\u00eat \u00ab\u00a0Gare\u00a0\u00bb, prendre le bus 3 direction \u00ab\u00a0Mourillon\u00a0\u00bb, descendre \u00e0 \u00ab\u00a0Porte d&rsquo;Italie\u00a0\u00bb. le plan est disponible ici:&nbsp;<a href=\"http:\/\/www.reseaumistral.com\/ftp\/img_lignes\/itineraire_ligne_3.pdf\">Ligne 3<\/a><\/p>\n<p style=\"text-align: justify;\"><strong>Le r\u00e9seau MISTRAL<\/strong><\/p>\n<p style=\"text-align: justify;\">Le campus de Toulon &#8211; Porte d\u2019Italie est desservi par 13 lignes de bus&nbsp;: \u00ab\u00a0U\u00a0\u00bb, 1, 5, 9, 10, 11, 19, 29, 36, 39, 102, 103 et 191B. Trois arr\u00eats sont conseill\u00e9s&nbsp;: Campus Porte d\u2019Italie, Champs de Mars et Bir Hakeim.&nbsp;Plus d\u2019informations sur <a class=\"spip_out\" href=\"http:\/\/www.reseaumistral.com\" rel=\"external\">www.reseaumistral.com<\/a> &#8211; T\u00e9l.&nbsp;: 04 94 03 87 03<\/p>\n<p style=\"text-align: justify;\"><strong>Le r\u00e9seau VARLIB<\/strong><\/p>\n<p style=\"text-align: justify;\">Le campus de Toulon &#8211; Porte d\u2019Italie est desservi par 8 lignes de bus \u00e0 l\u2019arr\u00eat Champs de Mars&nbsp;: 2801, 2821, 4801, 4802, 8804, 8805, 8810 et 8814.&nbsp;Plus d\u2019informations sur <a class=\"spip_out\" href=\"http:\/\/www.varlib.fr\" rel=\"external\">www.varlib.fr<\/a> &#8211; T\u00e9l.&nbsp;: 04 94 36 38 00.&nbsp;Pour ceux qui souhaitent utiliser le r\u00e9seau de bus d\u00e9partemental Varlib pour se d\u00e9placer <strong>en dehors de l\u2019agglom\u00e9ration toulonnaise<\/strong> (tarif unique de 3 \u20ac pour les d\u00e9placements dans tout le d\u00e9partement)&nbsp;:&nbsp;<a href=\"http:\/\/www.varlib.fr\/\">http:\/\/www.varlib.fr\/<\/a>&nbsp;&nbsp; T\u00e9l. 04 94 24 60 00<\/p>\n<hr>\n<p style=\"text-align: center;\"><strong>Se rendre sur le campus de Toulon \u2013 Porte d\u2019Italie en voiture<\/strong><\/p>\n<p style=\"text-align: justify;\">Le campus de Toulon \u2013 Porte d\u2019Italie est situ\u00e9 \u00e0 l\u2019est de la ville au croisement de deux grands axes&nbsp;: le boulevard de Strasbourg et l\u2019avenue Franklin Roosevelt. Plusieurs parkings se situent \u00e0 proximit\u00e9 (Parking Porte d&rsquo;Italie et Parking Centre Commercial Mayol)<\/p>\n<ul class=\"spip\" style=\"text-align: justify;\">\n<li><strong>Venant de Marseille<\/strong>&nbsp;: ne pas prendre le tunnel, suivre direction centre-ville puis Universit\u00e9.<\/li>\n<\/ul>\n<ul class=\"spip\" style=\"text-align: justify;\">\n<li><strong>Venant de Nice&nbsp;<\/strong>: ne pas prendre le tunnel, suivre direction centre-ville puis Universit\u00e9.<br \/>\n<hr>\n<\/li>\n<\/ul>\n<p style=\"text-align: center;\"><strong>Se rendre sur le campus Porte d&rsquo;Italie en taxi<\/strong><\/p>\n<p style=\"text-align: justify;\">Taxis R\u00e9gion Toulonnaise &#8211;&nbsp; T\u00e9l. 04 94 93 51 51.&nbsp;Pour des informations d\u00e9taill\u00e9es concernant les transports en commun accessibles \u00e0 Toulon pour les personnes \u00e0 mobilit\u00e9 r\u00e9duite, voir&nbsp;: <a href=\"http:\/\/toulontourisme.com\/accessible\/acces-transports-accessibles\/\">http:\/\/toulontourisme.com\/accessible\/acces-transports-accessibles\/<\/a><\/p>\n<p>R\u00e9servations et renseignements concernant les t<strong>axis \u00e0 l\u2019a\u00e9roport de Toulon-Hy\u00e8res<\/strong>&nbsp;:&nbsp;T\u00e9l 04 94 00 60 00.&nbsp;<a href=\"http:\/\/www.taxis-hyeres.com\">www.taxis-hyeres.com<\/a><\/p>\n<hr>\n<p style=\"text-align: center;\">&nbsp;<strong>Arriver&nbsp;sur le campus Porte d&rsquo;Italie par avion<\/strong><\/p>\n<ul>\n<li style=\"text-align: justify;\"><strong>A\u00e9roport de Toulon-Hy\u00e8res.&nbsp;<\/strong><\/li>\n<\/ul>\n<p style=\"text-align: justify;\">Informations et horaires de<a href=\"http:\/\/toulontourisme.com\/accessible\/acces-transports-accessibles\/www.toulon-hyeres.aeroport.fr\"> l\u2019a\u00e9roport Toulon \/ Hy\u00e8res<\/a> disponibles sur le site de l\u2019a\u00e9roport&nbsp;: http:\/\/www.toulon-hyeres.aeroport.fr\/. &nbsp;&nbsp;T\u00e9l&nbsp;: 04 94 00 83 45.<\/p>\n<p style=\"text-align: justify;\">Il existe un service de <strong>navettes avec liaison directe entre l\u2019A\u00e9roport Toulon-Hy\u00e8res et le centre- ville de Toulon<\/strong>. Il s\u2019agit de la ligne 102 du R\u00e9seau Mistral, qui a pour terminus la gare Routi\u00e8re\/SNCF de Toulon, situ\u00e9e \u00e0 24km de l\u2019a\u00e9roport (environ 40 minutes de trajet en dehors des heures de pointe).&nbsp;Un minimum de 5 trajets aller-retour sont assur\u00e9s quotidiennement.&nbsp;Tarif unique: 1.40 \u20ac par trajet.<\/p>\n<p style=\"text-align: justify;\">La navette a\u00e9roport d\u00e9calera certains de ses d\u00e9parts en cas de retards d\u2019avions \u00e0 l\u2019arriv\u00e9e. Renseignements : Tel&nbsp;: 04 94 03 87 00&nbsp; ou&nbsp; <a href=\"http:\/\/www.reseaumistral.com\">www.reseaumistral.com<\/a><\/p>\n<ul>\n<li style=\"text-align: justify;\"><strong>A\u00e9roport de Marseille Provence<\/strong><\/li>\n<\/ul>\n<p style=\"text-align: justify;\">Horaires des diff\u00e9rentes lignes a\u00e9riennes desservies par l\u2019<a href=\"http:\/\/www.toulon-hyeres.aeroport.fr\/\">a\u00e9roport de <\/a>Marseille Provence disponibles sur le site de l\u2019a\u00e9roport&nbsp;: <a href=\"http:\/\/www.marseille.aeroport.fr\">http:\/\/www.marseille.aeroport.fr<\/a><\/p>\n<p style=\"text-align: justify;\">Il existe des <strong>navettes entre l\u2019a\u00e9roport de Marseille et le centre-ville de Toulon<\/strong> (Gare SNCF)&nbsp;: dur\u00e9e du trajet entre 1h20 et 2h20.&nbsp;Tarif 15,80 \u20ac. Informations et horaires&nbsp;:&nbsp;<a href=\"http:\/\/www.marseille.aeroport.fr\/acces-et-parking\/acces\/en-train-ou-en-bus\">http:\/\/www.marseille.aeroport.fr\/acces-et-parking\/acces\/en-train-ou-en-bus<\/a><\/p>\n<p style=\"text-align: justify;\">Il est \u00e9galement possible de prendre une navette entre l\u2019a\u00e9roport et la gare SNCF Saint Charles \u00e0 Marseille, pour ensuite prendre un train de Marseille \u00e0 Toulon. La navette est directe entre l\u2019a\u00e9roport et la gare, avec un temps de trajet de 25 minutes en dehors des heures de pointe. D\u00e9part des navettes toutes les 15 minutes depuis le&nbsp;MP1&nbsp;entre les Halls 3-4 et 1. &nbsp; &nbsp; &nbsp; &nbsp; &nbsp; &nbsp; &nbsp; &nbsp; Tarif: 8,20 \u20ac.&nbsp;Informations et horaires&nbsp;: <a href=\"http:\/\/www.navettemarseilleaeroport.com\/\">http:\/\/www.navettemarseilleaeroport.com\/<\/a><\/p>\n<ul>\n<li style=\"text-align: justify;\"><strong>A\u00e9roport de Nice C\u00f4te d\u2019Azur<\/strong><\/li>\n<\/ul>\n<p style=\"text-align: justify;\">Horaires des diff\u00e9rentes lignes a\u00e9riennes desservies par l\u2019<a href=\"http:\/\/www.toulon-hyeres.aeroport.fr\/\">a\u00e9roport de <\/a>Nice disponibles sur le site de l\u2019a\u00e9roport&nbsp;: http:\/\/www.nice.aeroport.fr\/<\/p>\n<p style=\"text-align: justify;\">Il est possible de prendre une <strong>navette entre l\u2019a\u00e9roport et la gare de Nice, pour ensuite prendre un train de Nice \u00e0 Toulon<\/strong>.&nbsp;Navette a\u00e9roport de Nice \u2013 Gare SNCF de Nice&nbsp;: ligne 99&nbsp;des Lignes d\u2019Azur; d\u00e9parts toutes les 30 minutes en moyenne&nbsp;; tarif 6 \u20ac. &nbsp;Informations et horaires sur&nbsp;: <a href=\"http:\/\/www.lignesdazur.com\/\">http:\/\/www.lignesdazur.com\/<\/a><\/p>\n<hr>\n<p style=\"text-align: center;\">&nbsp;<strong>Visiter Toulon et la r\u00e9gion&nbsp;<\/strong><\/p>\n<ul>\n<li style=\"text-align: justify;\"><a href=\"http:\/\/www.reseaumistral.com\/\">R\u00e9seau Mistral<\/a>: le r\u00e9seau de <strong>bus et de bateaux-bus<\/strong> de l\u2019agglom\u00e9ration Toulon Provence M\u00e9diterran\u00e9e.&nbsp; Information et horaires sur &nbsp;<a href=\"http:\/\/www.reseaumistral.com\/\">http:\/\/www.reseaumistral.com\/<\/a><\/li>\n<\/ul>\n<\/div>\n","protected":false},"excerpt":{"rendered":"<p>&nbsp; &nbsp; D\u00e9tails des acc\u00e8s pour Toulon : Le Colloque&nbsp;se d\u00e9roulera &nbsp;sur le Campus du Centre-Ville (Porte d\u2019Italie) de l\u2019Universit\u00e9 de Toulon : 70 Avenue Roger Devoucoux 83000 Toulon.&nbsp;Informations concernant le campus Porte d\u2019Italie sur&nbsp;: http:\/\/www.univ-tln.fr\/Campus-de-Toulon.html.&nbsp; Vous trouverez ci-dessous un ensemble d&rsquo;informations pour vous aider \u00e0 pr\u00e9parer au mieux votre venue au colloque.&nbsp;Vous trouverez des [&hellip;]<\/p>\n","protected":false},"author":1,"featured_media":0,"parent":0,"menu_order":0,"comment_status":"closed","ping_status":"closed","template":"","meta":{"ngg_post_thumbnail":0,"footnotes":""},"class_list":["post-43","page","type-page","status-publish","hentry"],"_links":{"self":[{"href":"https:\/\/sites.univ-tln.fr\/itimari\/wp-json\/wp\/v2\/pages\/43","targetHints":{"allow":["GET"]}}],"collection":[{"href":"https:\/\/sites.univ-tln.fr\/itimari\/wp-json\/wp\/v2\/pages"}],"about":[{"href":"https:\/\/sites.univ-tln.fr\/itimari\/wp-json\/wp\/v2\/types\/page"}],"author":[{"embeddable":true,"href":"https:\/\/sites.univ-tln.fr\/itimari\/wp-json\/wp\/v2\/users\/1"}],"replies":[{"embeddable":true,"href":"https:\/\/sites.univ-tln.fr\/itimari\/wp-json\/wp\/v2\/comments?post=43"}],"version-history":[{"count":4,"href":"https:\/\/sites.univ-tln.fr\/itimari\/wp-json\/wp\/v2\/pages\/43\/revisions"}],"predecessor-version":[{"id":84,"href":"https:\/\/sites.univ-tln.fr\/itimari\/wp-json\/wp\/v2\/pages\/43\/revisions\/84"}],"wp:attachment":[{"href":"https:\/\/sites.univ-tln.fr\/itimari\/wp-json\/wp\/v2\/media?parent=43"}],"curies":[{"name":"wp","href":"https:\/\/api.w.org\/{rel}","templated":true}]}}