{"id":35,"date":"2017-05-31T10:13:46","date_gmt":"2017-05-31T09:13:46","guid":{"rendered":"http:\/\/sites.univ-tln.fr\/itimari\/?page_id=35"},"modified":"2017-05-31T10:13:46","modified_gmt":"2017-05-31T09:13:46","slug":"argumentaire","status":"publish","type":"page","link":"https:\/\/sites.univ-tln.fr\/itimari\/argumentaire\/","title":{"rendered":"Argumentaire"},"content":{"rendered":"<p>Ce colloque souhaite aborder le th\u00e8me de l&rsquo;itin\u00e9rance en l\u2019appliquant de mani\u00e8re privil\u00e9gi\u00e9e \u00e0 l\u2019espace maritime de la M\u00e9diterran\u00e9e dans toute son \u00e9tendue et toutes ses cultures.<\/p>\n<p>L\u2019objet du colloque sera de rendre compte des modalit\u00e9s et des enjeux des circulations et des d\u00e9placements de personnes (d\u00e9parts, travers\u00e9es, escales) autour des ports du bassin m\u00e9diterran\u00e9en, dans leur dimension historique comme imaginaire. Les communications pourront s\u2019appuyer sur un corpus vari\u00e9 de textes (r\u00e9cits de voyage, t\u00e9moignages, documents d\u2019archive, trait\u00e9s\u2026) et de langues (latin, arabe, h\u00e9breu, fran\u00e7ais, italien, espagnol, anglais&#8230;).<\/p>\n<p>Ce colloque souhaiterait se situer au carrefour de diff\u00e9rentes disciplines&nbsp;: la litt\u00e9rature, l&rsquo;histoire des langues, l\u2019histoire des id\u00e9es, l\u2019histoire politique, l\u2019arch\u00e9ologie portuaire, l\u2019histoire des arts.<\/p>\n<p><strong>Pistes de travail:<\/strong> on s&rsquo;int\u00e9ressera aux r\u00e9cits ou textes rendant compte des r\u00e9seaux de circulation de personnes, de la construction d&rsquo;un espace \u00e0 la fois r\u00e9el et mental du bassin m\u00e9diterran\u00e9en.<\/p>\n<ul>\n<li>mobilit\u00e9 de personnes forc\u00e9e et subie: r\u00e9cits d&rsquo;exil politique et religieux (convers et morisques d&rsquo;Espagne, gal\u00e9riens protestants, minorit\u00e9s religieuses (chr\u00e9tiens, musulmans, juifs) r\u00e9fugi\u00e9es en d&rsquo;autres territoire confessionnels, h\u00e9r\u00e9tiques (cathares&#8230;), citoyens bannis, esclaves, piraterie et captifs&#8230;<\/li>\n<li>de l&rsquo;errance (sans destination pr\u00e9cise) \u00e0 l&rsquo;itin\u00e9raire planifi\u00e9 : strat\u00e9gies d&rsquo;implantation d&rsquo;une diaspora (juifs s\u00e9farades en M\u00e9diterran\u00e9e), mobilit\u00e9 organis\u00e9e dans un but commercial, politique, diplomatique (\u00ab\u00a0gouverner la mer\u00a0\u00bb): archives, trait\u00e9s, comptes d&rsquo;armateurs, marchands des r\u00e9publiques maritimes, droit maritime, r\u00e9cits de voyages diplomatiques, p\u00e8lerinages, \u00e9changes commerciaux, d\u00e9placements militaires, croisades, piraterie<\/li>\n<li>transferts culturels issus de ces itin\u00e9rances, textes rendant compte des cons\u00e9quences linguistiques, m\u00e9tissage des langues, traduction et circulation de textes, situation de polyglossie, m\u00e9moire des migrations comme vecteur d&rsquo;\u00e9changes culturels<\/li>\n<li>symbolique de la mer dans les repr\u00e9sentations de l&rsquo;itin\u00e9rance maritime (iconographie, construction mentales, textes se rapportant \u00e0 des naufrages, nef des fous, relation de voyage r\u00e9el ou fantasm\u00e9, roman, po\u00e9sie et sacr\u00e9, hagiographie)<\/li>\n<\/ul>\n","protected":false},"excerpt":{"rendered":"<p>Ce colloque souhaite aborder le th\u00e8me de l&rsquo;itin\u00e9rance en l\u2019appliquant de mani\u00e8re privil\u00e9gi\u00e9e \u00e0 l\u2019espace maritime de la M\u00e9diterran\u00e9e dans toute son \u00e9tendue et toutes ses cultures. L\u2019objet du colloque sera de rendre compte des modalit\u00e9s et des enjeux des circulations et des d\u00e9placements de personnes (d\u00e9parts, travers\u00e9es, escales) autour des ports du bassin m\u00e9diterran\u00e9en, [&hellip;]<\/p>\n","protected":false},"author":1,"featured_media":0,"parent":0,"menu_order":0,"comment_status":"closed","ping_status":"closed","template":"","meta":{"ngg_post_thumbnail":0,"footnotes":""},"class_list":["post-35","page","type-page","status-publish","hentry"],"_links":{"self":[{"href":"https:\/\/sites.univ-tln.fr\/itimari\/wp-json\/wp\/v2\/pages\/35","targetHints":{"allow":["GET"]}}],"collection":[{"href":"https:\/\/sites.univ-tln.fr\/itimari\/wp-json\/wp\/v2\/pages"}],"about":[{"href":"https:\/\/sites.univ-tln.fr\/itimari\/wp-json\/wp\/v2\/types\/page"}],"author":[{"embeddable":true,"href":"https:\/\/sites.univ-tln.fr\/itimari\/wp-json\/wp\/v2\/users\/1"}],"replies":[{"embeddable":true,"href":"https:\/\/sites.univ-tln.fr\/itimari\/wp-json\/wp\/v2\/comments?post=35"}],"version-history":[{"count":1,"href":"https:\/\/sites.univ-tln.fr\/itimari\/wp-json\/wp\/v2\/pages\/35\/revisions"}],"predecessor-version":[{"id":36,"href":"https:\/\/sites.univ-tln.fr\/itimari\/wp-json\/wp\/v2\/pages\/35\/revisions\/36"}],"wp:attachment":[{"href":"https:\/\/sites.univ-tln.fr\/itimari\/wp-json\/wp\/v2\/media?parent=35"}],"curies":[{"name":"wp","href":"https:\/\/api.w.org\/{rel}","templated":true}]}}