{"id":48,"date":"2017-10-09T19:05:27","date_gmt":"2017-10-09T17:05:27","guid":{"rendered":"http:\/\/sites.univ-tln.fr\/cper\/?page_id=48"},"modified":"2022-03-30T14:08:16","modified_gmt":"2022-03-30T12:08:16","slug":"calendrier-du-projet-iut-renov","status":"publish","type":"page","link":"https:\/\/sites.univ-tln.fr\/cper\/calendrier-du-projet-iut-renov\/","title":{"rendered":"Calendrier du projet IUT RENOV"},"content":{"rendered":"\n<p><strong>Le calendrier du projet IUT RENOV se compose de 5 grandes phases :<\/strong><\/p>\n\n\n\n<figure class=\"wp-block-image size-large\"><img loading=\"lazy\" decoding=\"async\" width=\"1024\" height=\"472\" src=\"https:\/\/sites.univ-tln.fr\/cper\/wp-content\/uploads\/sites\/21\/2022\/03\/calendrier-iutrenov3-1024x472.jpg\" alt=\"\" class=\"wp-image-271\" srcset=\"https:\/\/sites.univ-tln.fr\/cper\/wp-content\/uploads\/sites\/21\/2022\/03\/calendrier-iutrenov3-1024x472.jpg 1024w, https:\/\/sites.univ-tln.fr\/cper\/wp-content\/uploads\/sites\/21\/2022\/03\/calendrier-iutrenov3-300x138.jpg 300w, https:\/\/sites.univ-tln.fr\/cper\/wp-content\/uploads\/sites\/21\/2022\/03\/calendrier-iutrenov3-768x354.jpg 768w, https:\/\/sites.univ-tln.fr\/cper\/wp-content\/uploads\/sites\/21\/2022\/03\/calendrier-iutrenov3.jpg 1410w\" sizes=\"auto, (max-width: 1024px) 100vw, 1024px\" \/><\/figure>\n\n\n\n<h2 class=\"wp-block-heading\">Montage de l\u2019op\u00e9ration<\/h2>\n\n\n\n<p>Il s\u2019agit de mener des r\u00e9flexions au sein de l\u2019Universit\u00e9 pour d\u00e9cider du contenu g\u00e9n\u00e9ral du projet \u00e0 r\u00e9aliser, faire les premi\u00e8res estimations financi\u00e8res pour proposer le projet dans le cadre du CPER. Une fois le CPER sign\u00e9, le projet peut \u00eatre officiellement lanc\u00e9.<\/p>\n\n\n\n<h2 class=\"wp-block-heading\">Programme<\/h2>\n\n\n\n<p>Durant cette phase, un programmiste (prestataire ext\u00e9rieur) pilot\u00e9 par l\u2019Universit\u00e9 va recenser les besoins des utilisateurs concern\u00e9s par l\u2019op\u00e9ration immobili\u00e8re, proposer plusieurs sc\u00e9narii, en faire valider un, puis d\u00e9finir ce sc\u00e9nario sous forme de programme de l\u2019op\u00e9ration&nbsp;: c\u2019est la transcription des besoins en langage \u00ab&nbsp;architecte&nbsp;\u00bb, dans le respect du budget initial. Ce programme va permettre de choisir une \u00e9quipe de ma\u00eetrise d\u2019\u0153uvre par une proc\u00e9dure de march\u00e9 public.<\/p>\n\n\n\n<h2 class=\"wp-block-heading\">Conception<\/h2>\n\n\n\n<p>Les \u00e9tudes de conception ont d\u00e9marr\u00e9 en 2020. Elles ont \u00e9t\u00e9 r\u00e9alis\u00e9es par une \u00e9quipe de ma\u00eetrise d\u2019\u0153uvre : architecte accompagn\u00e9 de diff\u00e9rents bureaux d\u2019\u00e9tudes : structure, fluides, acoustique, ergonomie\u2026<\/p>\n\n\n\n<p>\u00c0 l\u2019issue de la phase conception, l\u2019Universit\u00e9 a choisi les entreprises de travaux par une proc\u00e9dure de march\u00e9 public. Travaux \u00e0 partir de 2021.<\/p>\n\n\n\n<p>Les travaux sont pr\u00e9vus pour une dur\u00e9e de 18 mois apr\u00e8s une phase de pr\u00e9paration de chantier.<\/p>\n\n\n\n<h2 class=\"wp-block-heading\">R\u00e9ception<\/h2>\n\n\n\n<p>Il est pr\u00e9vu que les b\u00e2timents soient livr\u00e9s pour la rentr\u00e9e de septembre 2024, il faudra auparavant v\u00e9rifier que tout est conforme et en \u00e9tat de marche : ce sont les op\u00e9rations de r\u00e9ception.<\/p>\n","protected":false},"excerpt":{"rendered":"<p>Le calendrier du projet IUT <a class=\"more-link\" href=\"https:\/\/sites.univ-tln.fr\/cper\/calendrier-du-projet-iut-renov\/\">&#8230; Lire la suite<\/a><\/p>\n","protected":false},"author":1,"featured_media":0,"parent":0,"menu_order":0,"comment_status":"closed","ping_status":"closed","template":"","meta":{"ngg_post_thumbnail":0,"footnotes":""},"class_list":["post-48","page","type-page","status-publish","hentry"],"_links":{"self":[{"href":"https:\/\/sites.univ-tln.fr\/cper\/wp-json\/wp\/v2\/pages\/48","targetHints":{"allow":["GET"]}}],"collection":[{"href":"https:\/\/sites.univ-tln.fr\/cper\/wp-json\/wp\/v2\/pages"}],"about":[{"href":"https:\/\/sites.univ-tln.fr\/cper\/wp-json\/wp\/v2\/types\/page"}],"author":[{"embeddable":true,"href":"https:\/\/sites.univ-tln.fr\/cper\/wp-json\/wp\/v2\/users\/1"}],"replies":[{"embeddable":true,"href":"https:\/\/sites.univ-tln.fr\/cper\/wp-json\/wp\/v2\/comments?post=48"}],"version-history":[{"count":4,"href":"https:\/\/sites.univ-tln.fr\/cper\/wp-json\/wp\/v2\/pages\/48\/revisions"}],"predecessor-version":[{"id":272,"href":"https:\/\/sites.univ-tln.fr\/cper\/wp-json\/wp\/v2\/pages\/48\/revisions\/272"}],"wp:attachment":[{"href":"https:\/\/sites.univ-tln.fr\/cper\/wp-json\/wp\/v2\/media?parent=48"}],"curies":[{"name":"wp","href":"https:\/\/api.w.org\/{rel}","templated":true}]}}