{"id":93,"date":"2017-12-18T11:43:12","date_gmt":"2017-12-18T10:43:12","guid":{"rendered":"http:\/\/sites.univ-tln.fr\/afapa2018\/?page_id=93"},"modified":"2018-04-18T12:52:18","modified_gmt":"2018-04-18T11:52:18","slug":"dates-importantes","status":"publish","type":"page","link":"https:\/\/sites.univ-tln.fr\/afapa2018\/dates-importantes\/","title":{"rendered":"Dates importantes"},"content":{"rendered":"<p style=\"text-align: center\">Les XIX<sup>es<\/sup> Journ\u00e9es d\u2019Etudes Francophones en Activit\u00e9s Physiques Adapt\u00e9es (JEFAPA) se d\u00e9rouleront les <strong>23, 24 et 25 Mai 2018<\/strong> \u00e0 l&rsquo;<strong>Universit\u00e9 de Toulon&nbsp;<\/strong>(<i>35 Rue Alphonse Daudet &#8211; 83000 TOULON les 23 et 24 Mai et&nbsp;Avenue de l&rsquo;Universit\u00e9 -83130 La GARDE le 25 Mai).<\/i><\/p>\n<p><u>Dates importantes<\/u> :<\/p>\n<ul>\n<li><strong> 15 Janvier 2018&nbsp;: pour les soumissions des r\u00e9sum\u00e9s &nbsp;<\/strong><span style=\"color: #ff0000\">&gt;&nbsp;<\/span><span style=\"color: #ff0000\">Prolongation jusqu&rsquo;au 1er F\u00e9vrier<\/span><\/li>\n<li>7 F\u00e9vrier 2018&nbsp;: pour le retour des expertises de r\u00e9sum\u00e9s avec demande de corrections<\/li>\n<li>22 F\u00e9vrier 2018 : pour les soumissions des versions finales des r\u00e9sum\u00e9s<\/li>\n<li>1er Mars 2018&nbsp;: pour les inscriptions au tarif pr\u00e9f\u00e9rentiel<\/li>\n<\/ul>\n<p><u>Attention<\/u>&nbsp;: en raison de la publication des r\u00e9sum\u00e9s des XIXe JEFAPA dans un Hors-S\u00e9rie de la revue Science &amp; Sports ces dates devront imp\u00e9rativement \u00eatre respect\u00e9es.<\/p>\n<p>&nbsp;<\/p>\n","protected":false},"excerpt":{"rendered":"<p>Les XIXes Journ\u00e9es d\u2019Etudes Francophones en Activit\u00e9s Physiques Adapt\u00e9es (JEFAPA) se d\u00e9rouleront les 23, 24 et 25 Mai 2018 \u00e0 l&rsquo;Universit\u00e9 de Toulon&nbsp;(35 Rue Alphonse Daudet &#8211; 83000 TOULON les 23 et 24 Mai et&nbsp;Avenue de l&rsquo;Universit\u00e9 -83130 La GARDE le 25 Mai). Dates importantes : 15 Janvier 2018&nbsp;: pour les soumissions des r\u00e9sum\u00e9s &nbsp;&gt;&nbsp;Prolongation [&hellip;]<\/p>\n","protected":false},"author":18,"featured_media":0,"parent":0,"menu_order":0,"comment_status":"closed","ping_status":"closed","template":"","meta":{"ngg_post_thumbnail":0,"footnotes":""},"class_list":["post-93","page","type-page","status-publish","hentry"],"_links":{"self":[{"href":"https:\/\/sites.univ-tln.fr\/afapa2018\/wp-json\/wp\/v2\/pages\/93","targetHints":{"allow":["GET"]}}],"collection":[{"href":"https:\/\/sites.univ-tln.fr\/afapa2018\/wp-json\/wp\/v2\/pages"}],"about":[{"href":"https:\/\/sites.univ-tln.fr\/afapa2018\/wp-json\/wp\/v2\/types\/page"}],"author":[{"embeddable":true,"href":"https:\/\/sites.univ-tln.fr\/afapa2018\/wp-json\/wp\/v2\/users\/18"}],"replies":[{"embeddable":true,"href":"https:\/\/sites.univ-tln.fr\/afapa2018\/wp-json\/wp\/v2\/comments?post=93"}],"version-history":[{"count":13,"href":"https:\/\/sites.univ-tln.fr\/afapa2018\/wp-json\/wp\/v2\/pages\/93\/revisions"}],"predecessor-version":[{"id":274,"href":"https:\/\/sites.univ-tln.fr\/afapa2018\/wp-json\/wp\/v2\/pages\/93\/revisions\/274"}],"wp:attachment":[{"href":"https:\/\/sites.univ-tln.fr\/afapa2018\/wp-json\/wp\/v2\/media?parent=93"}],"curies":[{"name":"wp","href":"https:\/\/api.w.org\/{rel}","templated":true}]}}