{"id":64,"date":"2017-12-07T15:25:25","date_gmt":"2017-12-07T14:25:25","guid":{"rendered":"http:\/\/sites.univ-tln.fr\/afapa2018\/?page_id=64"},"modified":"2017-12-18T13:09:46","modified_gmt":"2017-12-18T12:09:46","slug":"formulaire-de-soumission","status":"publish","type":"page","link":"https:\/\/sites.univ-tln.fr\/afapa2018\/formulaire-de-soumission\/","title":{"rendered":"Formulaire de soumission"},"content":{"rendered":"<p>Consultez les consignes de soumissions des r\u00e9sum\u00e9s en bas du formulaire :<\/p>\n\n<div class=\"wpcf7 no-js\" id=\"wpcf7-f63-o1\" lang=\"fr-FR\" dir=\"ltr\" data-wpcf7-id=\"63\">\n<div class=\"screen-reader-response\"><p role=\"status\" aria-live=\"polite\" aria-atomic=\"true\"><\/p> <ul><\/ul><\/div>\n<form action=\"\/afapa2018\/wp-json\/wp\/v2\/pages\/64#wpcf7-f63-o1\" method=\"post\" class=\"wpcf7-form init\" aria-label=\"Formulaire de contact\" enctype=\"multipart\/form-data\" novalidate=\"novalidate\" data-status=\"init\">\n<fieldset class=\"hidden-fields-container\"><input type=\"hidden\" name=\"_wpcf7\" value=\"63\" \/><input type=\"hidden\" name=\"_wpcf7_version\" value=\"6.1.5\" \/><input type=\"hidden\" name=\"_wpcf7_locale\" value=\"fr_FR\" \/><input type=\"hidden\" name=\"_wpcf7_unit_tag\" value=\"wpcf7-f63-o1\" \/><input type=\"hidden\" name=\"_wpcf7_container_post\" value=\"0\" \/><input type=\"hidden\" name=\"_wpcf7_posted_data_hash\" value=\"\" \/><input type=\"hidden\" name=\"_wpcf7_recaptcha_response\" value=\"\" \/>\n<\/fieldset>\n<p>Titre (175 Caract\u00e8res max, majuscule en d\u00e9but de phrase) * : <span class=\"wpcf7-form-control-wrap\" data-name=\"titre\"><textarea cols=\"40\" rows=\"10\" maxlength=\"175\" minlength=\"1\" class=\"wpcf7-form-control wpcf7-textarea wpcf7-validates-as-required\" aria-required=\"true\" aria-invalid=\"false\" name=\"titre\"><\/textarea><\/span><br \/>\n<span class=\"wpcf7-character-count down\" data-target-name=\"titre\" data-starting-value=\"175\" data-current-value=\"175\" data-maximum-value=\"175\" data-minimum-value=\"1\">175<\/span>\n<\/p>\n<p>Auteur 1 (Pr\u00e9nom Nom)* : <span class=\"wpcf7-form-control-wrap\" data-name=\"auteur1\"><input size=\"40\" maxlength=\"400\" class=\"wpcf7-form-control wpcf7-text wpcf7-validates-as-required\" aria-required=\"true\" aria-invalid=\"false\" value=\"\" type=\"text\" name=\"auteur1\" \/><\/span><br \/>\nAffiliation Auteur 1* : <span class=\"wpcf7-form-control-wrap\" data-name=\"Affauteur1\"><input size=\"40\" maxlength=\"150\" minlength=\"1\" class=\"wpcf7-form-control wpcf7-text wpcf7-validates-as-required\" aria-required=\"true\" aria-invalid=\"false\" value=\"\" type=\"text\" name=\"Affauteur1\" \/><\/span><br \/>\nT\u00e9l\u00e9phone Auteur 1* : <span class=\"wpcf7-form-control-wrap\" data-name=\"Telauteur1\"><input size=\"40\" maxlength=\"400\" class=\"wpcf7-form-control wpcf7-text wpcf7-validates-as-required\" aria-required=\"true\" aria-invalid=\"false\" value=\"\" type=\"text\" name=\"Telauteur1\" \/><\/span><br \/>\nEmail Auteur 1* : <span class=\"wpcf7-form-control-wrap\" data-name=\"Emailauteur1\"><input size=\"40\" maxlength=\"400\" class=\"wpcf7-form-control wpcf7-email wpcf7-validates-as-required wpcf7-text wpcf7-validates-as-email\" aria-required=\"true\" aria-invalid=\"false\" value=\"\" type=\"email\" name=\"Emailauteur1\" \/><\/span>\n<\/p>\n<p>Autres Auteurs (Pr\u00e9nom Nom, Affiliation, T\u00e9l\u00e9phone, Email) :<br \/>\n<span class=\"wpcf7-form-control-wrap\" data-name=\"autresauteurs\"><textarea cols=\"40\" rows=\"10\" maxlength=\"2000\" class=\"wpcf7-form-control wpcf7-textarea\" aria-invalid=\"false\" name=\"autresauteurs\"><\/textarea><\/span>\n<\/p>\n<p>Nature de la communication souhait\u00e9e\u00a0 :<br \/>\n<span class=\"wpcf7-form-control-wrap\" data-name=\"naturecom\"><span class=\"wpcf7-form-control wpcf7-checkbox wpcf7-validates-as-required wpcf7-exclusive-checkbox\"><span class=\"wpcf7-list-item first\"><input type=\"checkbox\" name=\"naturecom\" value=\"Poster\" \/><span class=\"wpcf7-list-item-label\">Poster<\/span><\/span><span class=\"wpcf7-list-item\"><input type=\"checkbox\" name=\"naturecom\" value=\"Communication orale\" \/><span class=\"wpcf7-list-item-label\">Communication orale<\/span><\/span><span class=\"wpcf7-list-item last\"><input type=\"checkbox\" name=\"naturecom\" value=\"Indiff\u00e9rent\" \/><span class=\"wpcf7-list-item-label\">Indiff\u00e9rent<\/span><\/span><\/span><\/span>\n<\/p>\n<p>Corps du Texte :<br \/>\n<span class=\"wpcf7-form-control-wrap\" data-name=\"texte\"><textarea cols=\"40\" rows=\"10\" maxlength=\"1800\" minlength=\"1500\" class=\"wpcf7-form-control wpcf7-textarea wpcf7-validates-as-required\" aria-required=\"true\" aria-invalid=\"false\" name=\"texte\">Introduction \/ Mat\u00e9riels et m\u00e9thodes \/ R\u00e9sultats \/ Conclusion<\/textarea><\/span><br \/>\n<span class=\"wpcf7-character-count down\" data-target-name=\"texte\" data-starting-value=\"1800\" data-current-value=\"1800\" data-maximum-value=\"1800\" data-minimum-value=\"1500\">1800<\/span>\n<\/p>\n<p>Possibilit\u00e9 d\u2019ajouter une image, figure ou tableau, au format jpg r\u00e9solution minimum 200 dpi (dans ce cas, retirer 300 caract\u00e8res au corps du texte)<br \/>\n<span class=\"wpcf7-form-control-wrap\" data-name=\"fichiertexte\"><input size=\"40\" class=\"wpcf7-form-control wpcf7-file\" accept=\"audio\/*,video\/*,image\/*\" aria-invalid=\"false\" type=\"file\" name=\"fichiertexte\" \/><\/span>\n<\/p>\n<p>R\u00e9f\u00e9rence 1 (250 caract\u00e8res max.) :<br \/>\n<span class=\"wpcf7-form-control-wrap\" data-name=\"ref1\"><input size=\"40\" maxlength=\"250\" class=\"wpcf7-form-control wpcf7-text\" aria-invalid=\"false\" value=\"\" type=\"text\" name=\"ref1\" \/><\/span><br \/>\n<span class=\"wpcf7-character-count down\" data-target-name=\"ref1\" data-starting-value=\"250\" data-current-value=\"250\" data-maximum-value=\"250\">250<\/span>\n<\/p>\n<p>R\u00e9f\u00e9rence 2\u00a0(250 caract\u00e8res max.) :<br \/>\n<span class=\"wpcf7-form-control-wrap\" data-name=\"ref2\"><input size=\"40\" maxlength=\"250\" class=\"wpcf7-form-control wpcf7-text\" aria-invalid=\"false\" value=\"\" type=\"text\" name=\"ref2\" \/><\/span><br \/>\n<span class=\"wpcf7-character-count down\" data-target-name=\"ref2\" data-starting-value=\"250\" data-current-value=\"250\" data-maximum-value=\"250\">250<\/span>\n<\/p>\n<p>R\u00e9f\u00e9rence 3\u00a0(250 caract\u00e8res max.) :<br \/>\n<span class=\"wpcf7-form-control-wrap\" data-name=\"ref3\"><input size=\"40\" maxlength=\"250\" class=\"wpcf7-form-control wpcf7-text\" aria-invalid=\"false\" value=\"\" type=\"text\" name=\"ref3\" \/><\/span><br \/>\n<span class=\"wpcf7-character-count down\" data-target-name=\"ref3\" data-starting-value=\"250\" data-current-value=\"250\" data-maximum-value=\"250\">250<\/span>\n<\/p>\n<p><span class=\"wpcf7-form-control-wrap\" data-name=\"checkconflits\"><span class=\"wpcf7-form-control wpcf7-checkbox wpcf7-validates-as-required wpcf7-exclusive-checkbox\"><span class=\"wpcf7-list-item first\"><input type=\"checkbox\" name=\"checkconflits\" value=\"Absence de conflits d&#039;int\u00e9r\u00eats\" \/><span class=\"wpcf7-list-item-label\">Absence de conflits d&#039;int\u00e9r\u00eats<\/span><\/span><span class=\"wpcf7-list-item last\"><input type=\"checkbox\" name=\"checkconflits\" value=\"Conflits d&#039;int\u00e9r\u00eats\" \/><span class=\"wpcf7-list-item-label\">Conflits d&#039;int\u00e9r\u00eats<\/span><\/span><\/span><\/span>\n<\/p>\n<p>Si conflits d\u2019int\u00e9r\u00eats (250 caract\u00e8res max.) :<br \/>\n<span class=\"wpcf7-form-control-wrap\" data-name=\"conflits\"><textarea cols=\"40\" rows=\"10\" maxlength=\"250\" class=\"wpcf7-form-control wpcf7-textarea\" aria-invalid=\"false\" name=\"conflits\"><\/textarea><\/span><br \/>\n<span class=\"wpcf7-character-count down\" data-target-name=\"conflits\" data-starting-value=\"250\" data-current-value=\"250\" data-maximum-value=\"250\">250<\/span>\n<\/p>\n<p><input class=\"wpcf7-form-control wpcf7-submit has-spinner\" type=\"submit\" value=\"Envoyer\" \/>\n<\/p><div class=\"wpcf7-response-output\" aria-hidden=\"true\"><\/div>\n<\/form>\n<\/div>\n\n<p>&nbsp;<\/p>\n<p><strong>Format des r\u00e9sum\u00e9s<\/strong><\/p>\n<p>Le r\u00e9sum\u00e9 de chaque communication (incluant le titre, les auteurs, les affiliations, le corps de texte, une \u00e9ventuelle figure\/ou table, les r\u00e9f\u00e9rences et \u00e9ventuels conflits d\u2019int\u00e9r\u00eats) ne devra pas d\u00e9passer <strong><u>1 page<\/u><\/strong> et devra \u00eatre pr\u00e9sent\u00e9 au format A4 (21 x 29.7 cm), avec des marges de 2,5 cm (haut, bas, droite et gauche). La nature de la communication souhait\u00e9e (poster, communication orale) devra \u00eatre indiqu\u00e9e (sous l\u2019adresse email de l\u2019auteur correspondant). La police de caract\u00e8re sera le Times New Roman, 12 points, interligne simple.<\/p>\n<p><strong><u>Un maximum de 1800 caract\u00e8res espaces compris<\/u><\/strong> est autoris\u00e9 pour le corps du texte (ce qui exclut donc le titre, les affiliations et les potentielles r\u00e9f\u00e9rences et conflits d\u2019int\u00e9r\u00eats) sous la r\u00e9serve que l\u2019ensemble du r\u00e9sum\u00e9 se tienne sur une page. Vous pouvez ins\u00e9rer au maximum une figure ou un tableau qui doit rentrer dans la largeur de la page (excluant les marges). Le tableau ou la figure doit tenir sur la page (et s\u2019ins\u00e8re donc au d\u00e9triment du texte). La figure ou le tableau devra \u00eatre appel\u00e9 dans le texte (ex&nbsp;: Fig. 1). Le tableau s\u2019il est fourni en image ne sera pas ressaisit mais utilis\u00e9 tel quel.<\/p>\n<p>Le titre de la communication sera centr\u00e9, en caract\u00e8re 14 points en gras. Les pr\u00e9nom et nom (dans cet ordre) de chaque auteur seront centr\u00e9s, ainsi que les affiliations, selon le mod\u00e8le pr\u00e9sent\u00e9 ci-dessous. Seul l\u2019email de l\u2019auteur correspondant (qui doit \u00eatre identifiable, ex&nbsp;: bedat3344@gmail.com n\u2019est pas autoris\u00e9) sera indiqu\u00e9 ainsi que son nom entre parenth\u00e8se \u00e0 la suite de l\u2019email. Un ast\u00e9risque en exposant apr\u00e8s le nom de l\u2019auteur sera utilis\u00e9 pour identifier l\u2019auteur correspondant. Pr\u00e9cisez ici la nature de la communication souhait\u00e9e : communication orale ou affich\u00e9e.<\/p>\n<p>Les diff\u00e9rentes parties (Introduction, M\u00e9thodes et R\u00e9sultats, Conclusion) seront pr\u00e9sent\u00e9es en paragraphes selon le mod\u00e8le ci-dessous.<\/p>\n<p>Les r\u00e9f\u00e9rences seront limit\u00e9es au nombre de trois et seront toutes appel\u00e9es dans le texte et num\u00e9rot\u00e9es suivant l\u2019ordre d\u2019apparition dans le texte. Les num\u00e9ros d\u2019appel devront apparaitre dans le texte entre crochets. Les r\u00e9f\u00e9rences devront suivre les normes adopt\u00e9es par la convention de Vancouver (International Committee of Medical Journal Editors. Uniform requirements for manuscripts submitted to biomedical journals. Fifth edition. N Engl J Med 1997;336:309\u201316). Jusqu\u2019\u00e0 six auteurs, ceux-ci devront tous \u00eatre indiqu\u00e9s. Au-del\u00e0, seuls les six premiers seront cit\u00e9s, suivis d\u2019une virgule et de la mention \u00ab et al. \u00bb. Ce sont les normes utilis\u00e9es par la revue Science et Sports, pour plus d\u2019informations veuillez consulter <a href=\"http:\/\/www.em-consulte.com\/revue\/SCISPO\/presentation\/science-&amp;-sports\">http:\/\/www.em-consulte.com\/revue\/SCISPO\/presentation\/science-&amp;-sports<\/a> (espace auteurs).<\/p>\n<p>Les \u00e9ventuels conflits d\u2019int\u00e9r\u00eats devront \u00eatre mentionn\u00e9s apr\u00e8s les r\u00e9f\u00e9rences (ou apr\u00e8s la conclusion si aucune r\u00e9f\u00e9rence). En l\u2019absence de conflit d\u2019int\u00e9r\u00eat, il sera mentionn\u00e9 \u00ab&nbsp;Absence de conflits d\u2019int\u00e9r\u00eats&nbsp;\u00bb.<\/p>\n<p><strong>En raison de la publication des r\u00e9sum\u00e9s dans un Hors-S\u00e9rie de la revue Science &amp; Sports ces normes devront imp\u00e9rativement \u00eatre respect\u00e9es.<\/strong><\/p>\n","protected":false},"excerpt":{"rendered":"<p>Consultez les consignes de soumissions des r\u00e9sum\u00e9s en bas du formulaire : &nbsp; Format des r\u00e9sum\u00e9s Le r\u00e9sum\u00e9 de chaque communication (incluant le titre, les auteurs, les affiliations, le corps de texte, une \u00e9ventuelle figure\/ou table, les r\u00e9f\u00e9rences et \u00e9ventuels conflits d\u2019int\u00e9r\u00eats) ne devra pas d\u00e9passer 1 page et devra \u00eatre pr\u00e9sent\u00e9 au format A4 [&hellip;]<\/p>\n","protected":false},"author":1,"featured_media":0,"parent":0,"menu_order":0,"comment_status":"closed","ping_status":"closed","template":"","meta":{"ngg_post_thumbnail":0,"footnotes":""},"class_list":["post-64","page","type-page","status-publish","hentry"],"_links":{"self":[{"href":"https:\/\/sites.univ-tln.fr\/afapa2018\/wp-json\/wp\/v2\/pages\/64","targetHints":{"allow":["GET"]}}],"collection":[{"href":"https:\/\/sites.univ-tln.fr\/afapa2018\/wp-json\/wp\/v2\/pages"}],"about":[{"href":"https:\/\/sites.univ-tln.fr\/afapa2018\/wp-json\/wp\/v2\/types\/page"}],"author":[{"embeddable":true,"href":"https:\/\/sites.univ-tln.fr\/afapa2018\/wp-json\/wp\/v2\/users\/1"}],"replies":[{"embeddable":true,"href":"https:\/\/sites.univ-tln.fr\/afapa2018\/wp-json\/wp\/v2\/comments?post=64"}],"version-history":[{"count":4,"href":"https:\/\/sites.univ-tln.fr\/afapa2018\/wp-json\/wp\/v2\/pages\/64\/revisions"}],"predecessor-version":[{"id":104,"href":"https:\/\/sites.univ-tln.fr\/afapa2018\/wp-json\/wp\/v2\/pages\/64\/revisions\/104"}],"wp:attachment":[{"href":"https:\/\/sites.univ-tln.fr\/afapa2018\/wp-json\/wp\/v2\/media?parent=64"}],"curies":[{"name":"wp","href":"https:\/\/api.w.org\/{rel}","templated":true}]}}