{"id":36,"date":"2017-06-26T09:05:32","date_gmt":"2017-06-26T08:05:32","guid":{"rendered":"http:\/\/sites.univ-tln.fr\/afapa2018\/?page_id=36"},"modified":"2018-05-23T10:20:28","modified_gmt":"2018-05-23T09:20:28","slug":"partenaires","status":"publish","type":"page","link":"https:\/\/sites.univ-tln.fr\/afapa2018\/partenaires\/","title":{"rendered":"Partenaires"},"content":{"rendered":"<h1 style=\"text-align: center\"><span style=\"text-decoration: underline\">Parrainages scientifiques<\/span>&nbsp;<\/h1>\n<ul>\n<li>L&rsquo;Association des chercheurs en activit\u00e9s physiques et sportives (<em>ACAPS<\/em>)<img loading=\"lazy\" decoding=\"async\" class=\"wp-image-106 aligncenter\" src=\"http:\/\/sites.univ-tln.fr\/afapa2018\/wp-content\/uploads\/sites\/20\/2017\/06\/clip_image002-300x81.png\" alt=\"\" width=\"259\" height=\"70\" srcset=\"https:\/\/sites.univ-tln.fr\/afapa2018\/wp-content\/uploads\/sites\/20\/2017\/06\/clip_image002-300x81.png 300w, https:\/\/sites.univ-tln.fr\/afapa2018\/wp-content\/uploads\/sites\/20\/2017\/06\/clip_image002.png 545w\" sizes=\"auto, (max-width: 259px) 100vw, 259px\" \/><\/li>\n<li>Soci\u00e9t\u00e9 Fran\u00e7aise de M\u00e9decine de l&rsquo;Exercice et du Sport <em>(SFMES)<\/em><img loading=\"lazy\" decoding=\"async\" class=\" wp-image-174 aligncenter\" src=\"http:\/\/sites.univ-tln.fr\/afapa2018\/wp-content\/uploads\/sites\/20\/2018\/03\/SFMES.-Logo-212x300.jpg\" alt=\"\" width=\"89\" height=\"126\" srcset=\"https:\/\/sites.univ-tln.fr\/afapa2018\/wp-content\/uploads\/sites\/20\/2018\/03\/SFMES.-Logo-212x300.jpg 212w, https:\/\/sites.univ-tln.fr\/afapa2018\/wp-content\/uploads\/sites\/20\/2018\/03\/SFMES.-Logo-768x1086.jpg 768w, https:\/\/sites.univ-tln.fr\/afapa2018\/wp-content\/uploads\/sites\/20\/2018\/03\/SFMES.-Logo-724x1024.jpg 724w, https:\/\/sites.univ-tln.fr\/afapa2018\/wp-content\/uploads\/sites\/20\/2018\/03\/SFMES.-Logo-624x882.jpg 624w, https:\/\/sites.univ-tln.fr\/afapa2018\/wp-content\/uploads\/sites\/20\/2018\/03\/SFMES.-Logo.jpg 1240w\" sizes=\"auto, (max-width: 89px) 100vw, 89px\" \/><\/li>\n<\/ul>\n<ul>\n<li>F\u00e9d\u00e9ration Fran\u00e7aise Handisport <em>(FFH)<\/em><\/li>\n<\/ul>\n<p><img loading=\"lazy\" decoding=\"async\" class=\"wp-image-105 aligncenter\" src=\"http:\/\/sites.univ-tln.fr\/afapa2018\/wp-content\/uploads\/sites\/20\/2017\/06\/clip_image001.png\" alt=\"\" width=\"266\" height=\"55\"><\/p>\n<p>&nbsp;<\/p>\n<p>&nbsp;<\/p>\n<h1 style=\"text-align: center\"><span style=\"text-decoration: underline\">Partenaires privil\u00e9gi\u00e9s<\/span><\/h1>\n<ul>\n<li>Mutualit\u00e9 Fran\u00e7aise<\/li>\n<\/ul>\n<p><img loading=\"lazy\" decoding=\"async\" class=\" wp-image-200 aligncenter\" src=\"http:\/\/sites.univ-tln.fr\/afapa2018\/wp-content\/uploads\/sites\/20\/2018\/03\/logoUR-internet-QUADRI-300x300.jpg\" alt=\"\" width=\"103\" height=\"103\" srcset=\"https:\/\/sites.univ-tln.fr\/afapa2018\/wp-content\/uploads\/sites\/20\/2018\/03\/logoUR-internet-QUADRI-300x300.jpg 300w, https:\/\/sites.univ-tln.fr\/afapa2018\/wp-content\/uploads\/sites\/20\/2018\/03\/logoUR-internet-QUADRI-150x150.jpg 150w, https:\/\/sites.univ-tln.fr\/afapa2018\/wp-content\/uploads\/sites\/20\/2018\/03\/logoUR-internet-QUADRI-768x768.jpg 768w, https:\/\/sites.univ-tln.fr\/afapa2018\/wp-content\/uploads\/sites\/20\/2018\/03\/logoUR-internet-QUADRI-624x624.jpg 624w, https:\/\/sites.univ-tln.fr\/afapa2018\/wp-content\/uploads\/sites\/20\/2018\/03\/logoUR-internet-QUADRI.jpg 887w\" sizes=\"auto, (max-width: 103px) 100vw, 103px\" \/><\/p>\n<ul>\n<li>Cosmed<img loading=\"lazy\" decoding=\"async\" class=\" wp-image-192 aligncenter\" src=\"http:\/\/sites.univ-tln.fr\/afapa2018\/wp-content\/uploads\/sites\/20\/2018\/03\/Pi\u00e8ce-jointe-1-300x101.jpeg\" alt=\"\" width=\"175\" height=\"59\" srcset=\"https:\/\/sites.univ-tln.fr\/afapa2018\/wp-content\/uploads\/sites\/20\/2018\/03\/Pi\u00e8ce-jointe-1-300x101.jpeg 300w, https:\/\/sites.univ-tln.fr\/afapa2018\/wp-content\/uploads\/sites\/20\/2018\/03\/Pi\u00e8ce-jointe-1.jpeg 379w\" sizes=\"auto, (max-width: 175px) 100vw, 175px\" \/><\/li>\n<li>Elis\u00e9e M\u00e9dical<img loading=\"lazy\" decoding=\"async\" class=\" wp-image-193 aligncenter\" src=\"http:\/\/sites.univ-tln.fr\/afapa2018\/wp-content\/uploads\/sites\/20\/2018\/03\/Pi\u00e8ce-jointe-300x164.jpeg\" alt=\"\" width=\"120\" height=\"66\" srcset=\"https:\/\/sites.univ-tln.fr\/afapa2018\/wp-content\/uploads\/sites\/20\/2018\/03\/Pi\u00e8ce-jointe-300x164.jpeg 300w, https:\/\/sites.univ-tln.fr\/afapa2018\/wp-content\/uploads\/sites\/20\/2018\/03\/Pi\u00e8ce-jointe.jpeg 318w\" sizes=\"auto, (max-width: 120px) 100vw, 120px\" \/><\/li>\n<li>Matsport<img loading=\"lazy\" decoding=\"async\" class=\" wp-image-194 aligncenter\" src=\"http:\/\/sites.univ-tln.fr\/afapa2018\/wp-content\/uploads\/sites\/20\/2018\/03\/logo_metrologie-300x42.jpg\" alt=\"\" width=\"221\" height=\"31\" srcset=\"https:\/\/sites.univ-tln.fr\/afapa2018\/wp-content\/uploads\/sites\/20\/2018\/03\/logo_metrologie-300x42.jpg 300w, https:\/\/sites.univ-tln.fr\/afapa2018\/wp-content\/uploads\/sites\/20\/2018\/03\/logo_metrologie.jpg 600w\" sizes=\"auto, (max-width: 221px) 100vw, 221px\" \/><\/li>\n<li>Atout Novation<img loading=\"lazy\" decoding=\"async\" class=\" wp-image-197 aligncenter\" src=\"http:\/\/sites.univ-tln.fr\/afapa2018\/wp-content\/uploads\/sites\/20\/2018\/03\/Pi\u00e8ce-jointe-3-300x300.jpeg\" alt=\"\" width=\"93\" height=\"93\" srcset=\"https:\/\/sites.univ-tln.fr\/afapa2018\/wp-content\/uploads\/sites\/20\/2018\/03\/Pi\u00e8ce-jointe-3-300x300.jpeg 300w, https:\/\/sites.univ-tln.fr\/afapa2018\/wp-content\/uploads\/sites\/20\/2018\/03\/Pi\u00e8ce-jointe-3-150x150.jpeg 150w, https:\/\/sites.univ-tln.fr\/afapa2018\/wp-content\/uploads\/sites\/20\/2018\/03\/Pi\u00e8ce-jointe-3-768x768.jpeg 768w, https:\/\/sites.univ-tln.fr\/afapa2018\/wp-content\/uploads\/sites\/20\/2018\/03\/Pi\u00e8ce-jointe-3-624x624.jpeg 624w, https:\/\/sites.univ-tln.fr\/afapa2018\/wp-content\/uploads\/sites\/20\/2018\/03\/Pi\u00e8ce-jointe-3.jpeg 800w\" sizes=\"auto, (max-width: 93px) 100vw, 93px\" \/><\/li>\n<li>MSE Medical<\/li>\n<\/ul>\n<p><img loading=\"lazy\" decoding=\"async\" class=\"wp-image-177 aligncenter\" style=\"font-size: 1rem\" src=\"http:\/\/sites.univ-tln.fr\/afapa2018\/wp-content\/uploads\/sites\/20\/2018\/03\/MSE-LOGO-800x500-300x188.jpg\" alt=\"\" width=\"137\" height=\"86\" srcset=\"https:\/\/sites.univ-tln.fr\/afapa2018\/wp-content\/uploads\/sites\/20\/2018\/03\/MSE-LOGO-800x500-300x188.jpg 300w, https:\/\/sites.univ-tln.fr\/afapa2018\/wp-content\/uploads\/sites\/20\/2018\/03\/MSE-LOGO-800x500-768x480.jpg 768w, https:\/\/sites.univ-tln.fr\/afapa2018\/wp-content\/uploads\/sites\/20\/2018\/03\/MSE-LOGO-800x500-624x390.jpg 624w, https:\/\/sites.univ-tln.fr\/afapa2018\/wp-content\/uploads\/sites\/20\/2018\/03\/MSE-LOGO-800x500.jpg 800w\" sizes=\"auto, (max-width: 137px) 100vw, 137px\" \/><\/p>\n<ul>\n<li>Kistler France SASU<\/li>\n<\/ul>\n<p><img loading=\"lazy\" decoding=\"async\" class=\"wp-image-176 aligncenter\" src=\"http:\/\/sites.univ-tln.fr\/afapa2018\/wp-content\/uploads\/sites\/20\/2018\/03\/551_1481719670-300x148.jpg\" alt=\"\" width=\"163\" height=\"80\" srcset=\"https:\/\/sites.univ-tln.fr\/afapa2018\/wp-content\/uploads\/sites\/20\/2018\/03\/551_1481719670-300x148.jpg 300w, https:\/\/sites.univ-tln.fr\/afapa2018\/wp-content\/uploads\/sites\/20\/2018\/03\/551_1481719670-624x307.jpg 624w, https:\/\/sites.univ-tln.fr\/afapa2018\/wp-content\/uploads\/sites\/20\/2018\/03\/551_1481719670.jpg 731w\" sizes=\"auto, (max-width: 163px) 100vw, 163px\" \/><\/p>\n<h1>&nbsp;<\/h1>\n<ul>\n<li>Apaop, grand sud<\/li>\n<\/ul>\n<p><img loading=\"lazy\" decoding=\"async\" class=\" wp-image-312 aligncenter\" src=\"http:\/\/sites.univ-tln.fr\/afapa2018\/wp-content\/uploads\/sites\/20\/2018\/05\/Logo-APAop-300x199.jpg\" alt=\"\" width=\"148\" height=\"98\" srcset=\"https:\/\/sites.univ-tln.fr\/afapa2018\/wp-content\/uploads\/sites\/20\/2018\/05\/Logo-APAop-300x199.jpg 300w, https:\/\/sites.univ-tln.fr\/afapa2018\/wp-content\/uploads\/sites\/20\/2018\/05\/Logo-APAop.jpg 354w\" sizes=\"auto, (max-width: 148px) 100vw, 148px\" \/> &nbsp;<\/p>\n<ul>\n<li>Trinoma<\/li>\n<\/ul>\n<p><img loading=\"lazy\" decoding=\"async\" class=\" wp-image-313 aligncenter\" src=\"http:\/\/sites.univ-tln.fr\/afapa2018\/wp-content\/uploads\/sites\/20\/2018\/05\/Logo-Trinoma-300x102.jpg\" alt=\"\" width=\"212\" height=\"72\" srcset=\"https:\/\/sites.univ-tln.fr\/afapa2018\/wp-content\/uploads\/sites\/20\/2018\/05\/Logo-Trinoma-300x102.jpg 300w, https:\/\/sites.univ-tln.fr\/afapa2018\/wp-content\/uploads\/sites\/20\/2018\/05\/Logo-Trinoma.jpg 618w\" sizes=\"auto, (max-width: 212px) 100vw, 212px\" \/><\/p>\n<ul>\n<li>ESPHI&nbsp;&nbsp;<\/li>\n<\/ul>\n<h1><img loading=\"lazy\" decoding=\"async\" class=\" wp-image-314 aligncenter\" src=\"http:\/\/sites.univ-tln.fr\/afapa2018\/wp-content\/uploads\/sites\/20\/2018\/05\/logo-ESPHI.jpg\" alt=\"\" width=\"139\" height=\"114\"><span style=\"font-size: 1.5rem\">&nbsp;<\/span><\/h1>\n<ul>\n<li>Ville de Toulon&nbsp;<\/li>\n<\/ul>\n<h1><img loading=\"lazy\" decoding=\"async\" class=\"wp-image-326 aligncenter\" src=\"http:\/\/sites.univ-tln.fr\/afapa2018\/wp-content\/uploads\/sites\/20\/2018\/05\/Logo-toulon.jpg\" alt=\"\" width=\"141\" height=\"141\" srcset=\"https:\/\/sites.univ-tln.fr\/afapa2018\/wp-content\/uploads\/sites\/20\/2018\/05\/Logo-toulon.jpg 200w, https:\/\/sites.univ-tln.fr\/afapa2018\/wp-content\/uploads\/sites\/20\/2018\/05\/Logo-toulon-150x150.jpg 150w\" sizes=\"auto, (max-width: 141px) 100vw, 141px\" \/><\/h1>\n<h1 style=\"text-align: center\"><span style=\"text-decoration: underline\">Autres partenaires<\/span><\/h1>\n<ul>\n<li>MY WAY FORMATIONS \u2013 1 Rond-Point Carlo SCHMID \u2013 Les Terrasses du Sud F106 \u2013 66000 PERPIGNAN<\/li>\n<\/ul>\n<ul>\n<li>Revue EPS<\/li>\n<\/ul>\n<p><img loading=\"lazy\" decoding=\"async\" class=\"wp-image-175 aligncenter\" src=\"http:\/\/sites.univ-tln.fr\/afapa2018\/wp-content\/uploads\/sites\/20\/2018\/03\/Ed-EPS-noir-rouge-D\u00e9tour\u00e9-300x136.jpg\" alt=\"\" width=\"154\" height=\"70\" srcset=\"https:\/\/sites.univ-tln.fr\/afapa2018\/wp-content\/uploads\/sites\/20\/2018\/03\/Ed-EPS-noir-rouge-D\u00e9tour\u00e9-300x136.jpg 300w, https:\/\/sites.univ-tln.fr\/afapa2018\/wp-content\/uploads\/sites\/20\/2018\/03\/Ed-EPS-noir-rouge-D\u00e9tour\u00e9.jpg 521w\" sizes=\"auto, (max-width: 154px) 100vw, 154px\" \/><\/p>\n<ul>\n<li>MGEN<img loading=\"lazy\" decoding=\"async\" class=\" wp-image-202 aligncenter\" src=\"http:\/\/sites.univ-tln.fr\/afapa2018\/wp-content\/uploads\/sites\/20\/2018\/03\/image007.png\" alt=\"\" width=\"75\" height=\"94\"><\/li>\n<li>FEHAP<img loading=\"lazy\" decoding=\"async\" class=\" wp-image-204 aligncenter\" src=\"http:\/\/sites.univ-tln.fr\/afapa2018\/wp-content\/uploads\/sites\/20\/2018\/03\/image002.jpg\" alt=\"\" width=\"91\" height=\"59\"><\/li>\n<li>F\u00e9d\u00e9ration de l&rsquo;hospitalisation priv\u00e9e<img loading=\"lazy\" decoding=\"async\" class=\" wp-image-205 aligncenter\" src=\"http:\/\/sites.univ-tln.fr\/afapa2018\/wp-content\/uploads\/sites\/20\/2018\/03\/image004.png\" alt=\"\" width=\"177\" height=\"51\"><\/li>\n<li>Syndicat des soins de suite et r\u00e9adaptation<img loading=\"lazy\" decoding=\"async\" class=\" wp-image-206 aligncenter\" src=\"http:\/\/sites.univ-tln.fr\/afapa2018\/wp-content\/uploads\/sites\/20\/2018\/03\/image001.jpg\" alt=\"\" width=\"96\" height=\"78\"><\/li>\n<li>Agence R\u00e9gionale de Sant\u00e9<img loading=\"lazy\" decoding=\"async\" class=\"alignnone wp-image-208 aligncenter\" src=\"http:\/\/sites.univ-tln.fr\/afapa2018\/wp-content\/uploads\/sites\/20\/2018\/03\/image001.png\" alt=\"\" width=\"101\" height=\"59\"><\/li>\n<li>CDOS<\/li>\n<\/ul>\n<p><img loading=\"lazy\" decoding=\"async\" class=\"wp-image-218 aligncenter\" src=\"http:\/\/sites.univ-tln.fr\/afapa2018\/wp-content\/uploads\/sites\/20\/2018\/03\/cdos-var-e1511025499661.jpg\" alt=\"\" width=\"94\" height=\"97\"><\/p>\n","protected":false},"excerpt":{"rendered":"<p>Parrainages scientifiques&nbsp; L&rsquo;Association des chercheurs en activit\u00e9s physiques et sportives (ACAPS) Soci\u00e9t\u00e9 Fran\u00e7aise de M\u00e9decine de l&rsquo;Exercice et du Sport (SFMES) F\u00e9d\u00e9ration Fran\u00e7aise Handisport (FFH) &nbsp; &nbsp; Partenaires privil\u00e9gi\u00e9s Mutualit\u00e9 Fran\u00e7aise Cosmed Elis\u00e9e M\u00e9dical Matsport Atout Novation MSE Medical Kistler France SASU &nbsp; Apaop, grand sud &nbsp; Trinoma ESPHI&nbsp;&nbsp; &nbsp; Ville de Toulon&nbsp; Autres partenaires [&hellip;]<\/p>\n","protected":false},"author":1,"featured_media":0,"parent":0,"menu_order":0,"comment_status":"closed","ping_status":"closed","template":"","meta":{"ngg_post_thumbnail":0,"footnotes":""},"class_list":["post-36","page","type-page","status-publish","hentry"],"_links":{"self":[{"href":"https:\/\/sites.univ-tln.fr\/afapa2018\/wp-json\/wp\/v2\/pages\/36","targetHints":{"allow":["GET"]}}],"collection":[{"href":"https:\/\/sites.univ-tln.fr\/afapa2018\/wp-json\/wp\/v2\/pages"}],"about":[{"href":"https:\/\/sites.univ-tln.fr\/afapa2018\/wp-json\/wp\/v2\/types\/page"}],"author":[{"embeddable":true,"href":"https:\/\/sites.univ-tln.fr\/afapa2018\/wp-json\/wp\/v2\/users\/1"}],"replies":[{"embeddable":true,"href":"https:\/\/sites.univ-tln.fr\/afapa2018\/wp-json\/wp\/v2\/comments?post=36"}],"version-history":[{"count":19,"href":"https:\/\/sites.univ-tln.fr\/afapa2018\/wp-json\/wp\/v2\/pages\/36\/revisions"}],"predecessor-version":[{"id":327,"href":"https:\/\/sites.univ-tln.fr\/afapa2018\/wp-json\/wp\/v2\/pages\/36\/revisions\/327"}],"wp:attachment":[{"href":"https:\/\/sites.univ-tln.fr\/afapa2018\/wp-json\/wp\/v2\/media?parent=36"}],"curies":[{"name":"wp","href":"https:\/\/api.w.org\/{rel}","templated":true}]}}