{"id":34,"date":"2017-06-26T09:05:20","date_gmt":"2017-06-26T08:05:20","guid":{"rendered":"http:\/\/sites.univ-tln.fr\/afapa2018\/?page_id=34"},"modified":"2018-04-24T15:32:51","modified_gmt":"2018-04-24T14:32:51","slug":"inscriptions","status":"publish","type":"page","link":"https:\/\/sites.univ-tln.fr\/afapa2018\/inscriptions\/","title":{"rendered":"Inscriptions"},"content":{"rendered":"<p>L\u2019inscription aux XIX<sup>e<\/sup>&nbsp;JFAPA est possible \u00e0 deux titres (\u00e9tudiant ou s\u00e9nior), pour les trois journ\u00e9es ou seulement pour une journ\u00e9e. Il est \u00e0 noter que la 3<sup>e<\/sup>&nbsp;journ\u00e9e (vendredi&nbsp;25) est gratuite pour les \u00e9tudiants.<\/p>\n<p>L\u2019organisation ne prend pas en charge l\u2019h\u00e9bergement, mais la page \u00ab&nbsp;Info Pratiques&nbsp;\u00bb permet de trouver facilement l\u2019h\u00e9bergement correspondant \u00e0 chacun. Nous vous remercions de remplir avec soins vos pr\u00e9sences aux repas et vos besoins en termes de transport afin d\u2019organiser au mieux la journ\u00e9e.<\/p>\n<p>L\u2019acc\u00e8s au congr\u00e8s est possible par l\u2019interm\u00e9diaire de la formation continue.<\/p>\n<p>Enfin, nous vous rappelons qu\u2019il est obligatoire qu\u2019au moins un des auteurs des communications soit inscrit pour pr\u00e9senter son travail et figurer dans les actes des journ\u00e9es.<\/p>\n<table>\n<tbody>\n<tr>\n<td style=\"text-align: center\" width=\"326\">Date limite d\u2019inscription avec tarif pr\u00e9f\u00e9rentiel<\/td>\n<td style=\"text-align: center\"><span style=\"color: #ff0000\">1 mars 2018<\/span><\/td>\n<\/tr>\n<tr>\n<td style=\"text-align: center\" width=\"326\">Date limite d\u2019inscription d\u2019un des auteurs des&nbsp;communications accept\u00e9es*<\/td>\n<td style=\"text-align: center\"><span style=\"color: #ff0000\">15 mars 2018<\/span><\/td>\n<\/tr>\n<tr>\n<td style=\"text-align: center\" width=\"326\">Date limite d\u2019inscription<\/td>\n<td style=\"text-align: center\"><span style=\"color: #ff0000\">2 mai 2018<\/span><\/td>\n<\/tr>\n<tr>\n<td style=\"text-align: center\" width=\"326\">Ouverture du congr\u00e8s<\/td>\n<td style=\"text-align: center\"><span style=\"color: #ff0000\">23 mai 2018<\/span><\/td>\n<\/tr>\n<tr>\n<td style=\"text-align: center\" width=\"326\">Cl\u00f4ture du congr\u00e8s<\/td>\n<td style=\"text-align: center\"><span style=\"color: #ff0000\">25 mai 2018<\/span><\/td>\n<\/tr>\n<\/tbody>\n<\/table>\n<h5><strong><em>* obligatoire pour que la communication figure dans les actes<\/em><\/strong><\/h5>\n<hr>\n<h1><strong>Tarifs d\u2019inscription<\/strong><\/h1>\n<table style=\"height: 342px\" width=\"580\">\n<tbody>\n<tr>\n<td style=\"text-align: center\" width=\"117\"><strong>Tarif Individuel*<\/strong><\/td>\n<td style=\"text-align: center\" width=\"113\"><span style=\"color: #ff0000\"><strong>Avant le 1 mars 2018<\/strong><\/span><\/td>\n<td width=\"113\">\n<p style=\"text-align: center\"><span style=\"color: #ff0000\"><strong>Apr\u00e8s le 1 mars 2018<\/strong><\/span><\/p>\n<\/td>\n<\/tr>\n<tr>\n<td width=\"117\">\n<p style=\"text-align: center\"><span style=\"color: #ff0000\"><strong>\u00c9tudiant** ou<\/strong><\/span><\/p>\n<p style=\"text-align: center\"><strong><a href=\"http:\/\/www.eiseverywhere.com\/file_uploads\/53c2d8f489910a8969f1440b1c7ab259_BanqueMondialeclassificationpays2015.pdf\"><span style=\"color: #ff0000\">pays \u00e0 faibles revenus<\/span><\/a><\/strong><\/p>\n<\/td>\n<td style=\"text-align: center\" width=\"113\">3 jours 55\u20ac<\/p>\n<p>1 jour 35\u20ac<\/td>\n<td style=\"text-align: center\" width=\"113\">3 jours 80\u20ac<\/p>\n<p>1 jour 45\u20ac<\/td>\n<\/tr>\n<tr>\n<td style=\"text-align: center\" width=\"117\"><span style=\"color: #ff0000\"><strong>Universitaire ou professionnel<\/strong><\/span><\/td>\n<td style=\"text-align: center\" width=\"113\">3 jours 130\u20ac<\/p>\n<p>1 jour 80\u20ac<\/td>\n<td width=\"113\">\n<p style=\"text-align: center\">3 jours 150\u20ac<\/p>\n<p style=\"text-align: center\">1 jour 95\u20ac<\/p>\n<\/td>\n<\/tr>\n<tr>\n<td style=\"text-align: center\" width=\"117\"><span style=\"color: #ff0000\"><strong>Accompagnant***<\/strong><\/span><\/td>\n<td style=\"text-align: center\" width=\"113\">55\u20ac<\/td>\n<td width=\"113\">\n<p style=\"text-align: center\">80\u20ac<\/p>\n<\/td>\n<\/tr>\n<\/tbody>\n<\/table>\n<p><em>* Le tarif (hors accompagnant) comprend l\u2019acc\u00e8s \u00e0 toutes les conf\u00e9rences, communications, sessions de poster, table ronde et animations sportives ainsi que les repas du midi du 24 et 25 mai, le repas de gala du 25 mai, les pauses caf\u00e9 et un exemplaire papier des actes des journ\u00e9es. Pour les r\u00e9sidents des pays \u00e0 faibles revenus (<\/em><a href=\"http:\/\/www.eiseverywhere.com\/file_uploads\/53c2d8f489910a8969f1440b1c7ab259_BanqueMondialeclassificationpays2015.pdf\"><em>consulter la liste des pays<\/em><\/a><em>), une photocopie du passeport indiquant la nationalit\u00e9 doit \u00eatre jointe \u00e0 l\u2019inscription.<\/em><\/p>\n<p><em>**<\/em><span style=\"font-style: italic;font-size: 1rem\">Pour les \u00e9tudiants une photocopie de la carte d\u2019\u00e9tudiant recto\/verso est demand\u00e9e.&nbsp;<\/span><em style=\"font-size: 1rem\">Acc\u00e8s gratuit pour les \u00e9tudiants APAS de licence et de master du master Grand Sud \u00e0 la journ\u00e9e du 25 mai.<\/em><\/p>\n<p><em>*** Conjoint ou conjointe d\u2019un congressiste. Le tarif comprend le repas de gala et les repas du midi du 24 et 25 mai 2018<\/em><\/p>\n<table width=\"364\">\n<tbody>\n<tr>\n<td width=\"182\">\n<p style=\"text-align: center\"><strong>Tarif Groupe*<\/strong><\/p>\n<\/td>\n<td width=\"182\">\n<p style=\"text-align: center\"><strong><span style=\"color: #ff0000\">Uniquement avant le 1<sup>er<\/sup> mars 2018<\/span><\/strong><\/p>\n<\/td>\n<\/tr>\n<tr>\n<td width=\"182\">\n<p style=\"text-align: center\">de 5 \u00e0 9 pers.<\/p>\n<\/td>\n<td width=\"182\">\n<p style=\"text-align: center\">5% de r\u00e9duction<\/p>\n<\/td>\n<\/tr>\n<tr>\n<td width=\"182\">\n<p style=\"text-align: center\">&nbsp; + de 10 pers.<\/p>\n<\/td>\n<td width=\"182\">\n<p style=\"text-align: center\">10% de r\u00e9duction<\/p>\n<\/td>\n<\/tr>\n<\/tbody>\n<\/table>\n<p><em>* Paiement uniquement par bon de commande<\/em><\/p>\n<p><strong>R\u00e9servation d\u2019actes des journ\u00e9es suppl\u00e9mentaire en version papier&nbsp;:<\/strong>&nbsp;25\u20ac<\/p>\n<p><strong>Acc\u00e8s \u00e0 la soir\u00e9e de gala uniquement&nbsp;: <\/strong>45 \u20ac <em>(Attention seulement 100 places)<\/em><\/p>\n<hr>\n<h1><strong>Trois modalit\u00e9s d\u2019inscription<\/strong><\/h1>\n<ul>\n<li><strong>Inscription en ligne <\/strong><\/li>\n<\/ul>\n<p>Retrouvez le formulaire d&rsquo;inscription en ligne en cliquant sur le lien ci-dessous:<\/p>\n<p><a href=\"https:\/\/colloques.univ-tln.fr\/Colloques\/RegistrationAFAPA2018.jsp\"><strong>Formulaire d&rsquo;inscription au colloque AFAPA 2018<\/strong><\/a><\/p>\n<ul>\n<li><strong>Inscription par bon de commande \u00e0 l\u2019aide de la fiche d\u2019inscription :<\/strong><\/li>\n<\/ul>\n<p>CARMONA Chantal, Responsable p\u00f4le financier DAS Campus<\/p>\n<p>T\u00e9l\u00e9phone : 04.94.14.20.56,<\/p>\n<p>Courriel : chantal.carmona@univ-tln.fr<\/p>\n<ul>\n<li><strong>Inscription en formation continue <\/strong><\/li>\n<\/ul>\n<p>Signature au pr\u00e9alable d\u2019une convention<\/p>\n<p>S\u2019adresser \u00e0 :<\/p>\n<p>MY WAY FORMATIONS &#8211; 1 Rond-Point Carlo SCHMID &#8211; Les Terrasses du Sud F106 &#8211; 66000 PERPIGNAN<\/p>\n<p>Num\u00e9ro Formateur : 91 66 01912 66 &#8211; SIRET : 813654043 00013<\/p>\n<p>T\u00e9l\u00e9phone : 06 09 88 93 91 mail : <a href=\"mailto:myway-formations@bbox.fr\">myway-formations@bbox.fr<\/a><\/p>\n<hr>\n<h1><strong>Contact<\/strong><\/h1>\n<p>Pour toute demande d\u2019information concernant les inscriptions :<br \/>\n<a href=\"mailto:afapa2018@univ-tln.fr\">afapa2018@univ-tln.fr<\/a><\/p>\n","protected":false},"excerpt":{"rendered":"<p>L\u2019inscription aux XIXe&nbsp;JFAPA est possible \u00e0 deux titres (\u00e9tudiant ou s\u00e9nior), pour les trois journ\u00e9es ou seulement pour une journ\u00e9e. Il est \u00e0 noter que la 3e&nbsp;journ\u00e9e (vendredi&nbsp;25) est gratuite pour les \u00e9tudiants. L\u2019organisation ne prend pas en charge l\u2019h\u00e9bergement, mais la page \u00ab&nbsp;Info Pratiques&nbsp;\u00bb permet de trouver facilement l\u2019h\u00e9bergement correspondant \u00e0 chacun. Nous vous [&hellip;]<\/p>\n","protected":false},"author":1,"featured_media":0,"parent":0,"menu_order":0,"comment_status":"closed","ping_status":"closed","template":"","meta":{"ngg_post_thumbnail":0,"footnotes":""},"class_list":["post-34","page","type-page","status-publish","hentry"],"_links":{"self":[{"href":"https:\/\/sites.univ-tln.fr\/afapa2018\/wp-json\/wp\/v2\/pages\/34","targetHints":{"allow":["GET"]}}],"collection":[{"href":"https:\/\/sites.univ-tln.fr\/afapa2018\/wp-json\/wp\/v2\/pages"}],"about":[{"href":"https:\/\/sites.univ-tln.fr\/afapa2018\/wp-json\/wp\/v2\/types\/page"}],"author":[{"embeddable":true,"href":"https:\/\/sites.univ-tln.fr\/afapa2018\/wp-json\/wp\/v2\/users\/1"}],"replies":[{"embeddable":true,"href":"https:\/\/sites.univ-tln.fr\/afapa2018\/wp-json\/wp\/v2\/comments?post=34"}],"version-history":[{"count":13,"href":"https:\/\/sites.univ-tln.fr\/afapa2018\/wp-json\/wp\/v2\/pages\/34\/revisions"}],"predecessor-version":[{"id":288,"href":"https:\/\/sites.univ-tln.fr\/afapa2018\/wp-json\/wp\/v2\/pages\/34\/revisions\/288"}],"wp:attachment":[{"href":"https:\/\/sites.univ-tln.fr\/afapa2018\/wp-json\/wp\/v2\/media?parent=34"}],"curies":[{"name":"wp","href":"https:\/\/api.w.org\/{rel}","templated":true}]}}

<p>L’inscription aux XIX<sup>e</sup>&nbsp;JFAPA est possible à deux titres (étudiant ou sénior), pour les trois journées ou seulement pour une journée. Il est à noter que la 3<sup>e</sup>&nbsp;journée (vendredi&nbsp;25) est gratuite pour les étudiants.</p>
<p>L’organisation ne prend pas en charge l’hébergement, mais la page «&nbsp;Info Pratiques&nbsp;» permet de trouver facilement l’hébergement correspondant à chacun. Nous vous remercions de remplir avec soins vos présences aux repas et vos besoins en termes de transport afin d’organiser au mieux la journée.</p>
<p>L’accès au congrès est possible par l’intermédiaire de la formation continue.</p>
<p>Enfin, nous vous rappelons qu’il est obligatoire qu’au moins un des auteurs des communications soit inscrit pour présenter son travail et figurer dans les actes des journées.</p>
<table>
<tbody>
<tr>
<td style="text-align: center" width="326">Date limite d’inscription avec tarif préférentiel</td>
<td style="text-align: center"><span style="color: #ff0000">1 mars 2018</span></td>
</tr>
<tr>
<td style="text-align: center" width="326">Date limite d’inscription d’un des auteurs des&nbsp;communications acceptées*</td>
<td style="text-align: center"><span style="color: #ff0000">15 mars 2018</span></td>
</tr>
<tr>
<td style="text-align: center" width="326">Date limite d’inscription</td>
<td style="text-align: center"><span style="color: #ff0000">2 mai 2018</span></td>
</tr>
<tr>
<td style="text-align: center" width="326">Ouverture du congrès</td>
<td style="text-align: center"><span style="color: #ff0000">23 mai 2018</span></td>
</tr>
<tr>
<td style="text-align: center" width="326">Clôture du congrès</td>
<td style="text-align: center"><span style="color: #ff0000">25 mai 2018</span></td>
</tr>
</tbody>
</table>
<h5><strong><em>* obligatoire pour que la communication figure dans les actes</em></strong></h5>
<hr>
<h1><strong>Tarifs d’inscription</strong></h1>
<table style="height: 342px" width="580">
<tbody>
<tr>
<td style="text-align: center" width="117"><strong>Tarif Individuel*</strong></td>
<td style="text-align: center" width="113"><span style="color: #ff0000"><strong>Avant le 1 mars 2018</strong></span></td>
<td width="113">
<p style="text-align: center"><span style="color: #ff0000"><strong>Après le 1 mars 2018</strong></span></p>
</td>
</tr>
<tr>
<td width="117">
<p style="text-align: center"><span style="color: #ff0000"><strong>Étudiant** ou</strong></span></p>
<p style="text-align: center"><strong><a href="http://www.eiseverywhere.com/file_uploads/53c2d8f489910a8969f1440b1c7ab259_BanqueMondialeclassificationpays2015.pdf"><span style="color: #ff0000">pays à faibles revenus</span></a></strong></p>
</td>
<td style="text-align: center" width="113">3 jours 55€</p>
<p>1 jour 35€</td>
<td style="text-align: center" width="113">3 jours 80€</p>
<p>1 jour 45€</td>
</tr>
<tr>
<td style="text-align: center" width="117"><span style="color: #ff0000"><strong>Universitaire ou professionnel</strong></span></td>
<td style="text-align: center" width="113">3 jours 130€</p>
<p>1 jour 80€</td>
<td width="113">
<p style="text-align: center">3 jours 150€</p>
<p style="text-align: center">1 jour 95€</p>
</td>
</tr>
<tr>
<td style="text-align: center" width="117"><span style="color: #ff0000"><strong>Accompagnant***</strong></span></td>
<td style="text-align: center" width="113">55€</td>
<td width="113">
<p style="text-align: center">80€</p>
</td>
</tr>
</tbody>
</table>
<p><em>* Le tarif (hors accompagnant) comprend l’accès à toutes les conférences, communications, sessions de poster, table ronde et animations sportives ainsi que les repas du midi du 24 et 25 mai, le repas de gala du 25 mai, les pauses café et un exemplaire papier des actes des journées. Pour les résidents des pays à faibles revenus (</em><a href="http://www.eiseverywhere.com/file_uploads/53c2d8f489910a8969f1440b1c7ab259_BanqueMondialeclassificationpays2015.pdf"><em>consulter la liste des pays</em></a><em>), une photocopie du passeport indiquant la nationalité doit être jointe à l’inscription.</em></p>
<p><em>**</em><span style="font-style: italic;font-size: 1rem">Pour les étudiants une photocopie de la carte d’étudiant recto/verso est demandée.&nbsp;</span><em style="font-size: 1rem">Accès gratuit pour les étudiants APAS de licence et de master du master Grand Sud à la journée du 25 mai.</em></p>
<p><em>*** Conjoint ou conjointe d’un congressiste. Le tarif comprend le repas de gala et les repas du midi du 24 et 25 mai 2018</em></p>
<table width="364">
<tbody>
<tr>
<td width="182">
<p style="text-align: center"><strong>Tarif Groupe*</strong></p>
</td>
<td width="182">
<p style="text-align: center"><strong><span style="color: #ff0000">Uniquement avant le 1<sup>er</sup> mars 2018</span></strong></p>
</td>
</tr>
<tr>
<td width="182">
<p style="text-align: center">de 5 à 9 pers.</p>
</td>
<td width="182">
<p style="text-align: center">5% de réduction</p>
</td>
</tr>
<tr>
<td width="182">
<p style="text-align: center">&nbsp; + de 10 pers.</p>
</td>
<td width="182">
<p style="text-align: center">10% de réduction</p>
</td>
</tr>
</tbody>
</table>
<p><em>* Paiement uniquement par bon de commande</em></p>
<p><strong>Réservation d’actes des journées supplémentaire en version papier&nbsp;:</strong>&nbsp;25€</p>
<p><strong>Accès à la soirée de gala uniquement&nbsp;: </strong>45 € <em>(Attention seulement 100 places)</em></p>
<hr>
<h1><strong>Trois modalités d’inscription</strong></h1>
<ul>
<li><strong>Inscription en ligne </strong></li>
</ul>
<p>Retrouvez le formulaire d&rsquo;inscription en ligne en cliquant sur le lien ci-dessous:</p>
<p><a href="https://colloques.univ-tln.fr/Colloques/RegistrationAFAPA2018.jsp"><strong>Formulaire d&rsquo;inscription au colloque AFAPA 2018</strong></a></p>
<ul>
<li><strong>Inscription par bon de commande à l’aide de la fiche d’inscription :</strong></li>
</ul>
<p>CARMONA Chantal, Responsable pôle financier DAS Campus</p>
<p>Téléphone : 04.94.14.20.56,</p>
<p>Courriel : chantal.carmona@univ-tln.fr</p>
<ul>
<li><strong>Inscription en formation continue </strong></li>
</ul>
<p>Signature au préalable d’une convention</p>
<p>S’adresser à :</p>
<p>MY WAY FORMATIONS &#8211; 1 Rond-Point Carlo SCHMID &#8211; Les Terrasses du Sud F106 &#8211; 66000 PERPIGNAN</p>
<p>Numéro Formateur : 91 66 01912 66 &#8211; SIRET : 813654043 00013</p>
<p>Téléphone : 06 09 88 93 91 mail : <a href="mailto:myway-formations@bbox.fr">myway-formations@bbox.fr</a></p>
<hr>
<h1><strong>Contact</strong></h1>
<p>Pour toute demande d’information concernant les inscriptions :<br />
<a href="mailto:afapa2018@univ-tln.fr">afapa2018@univ-tln.fr</a></p>

<p>L’inscription aux XIXe&nbsp;JFAPA est possible à deux titres (étudiant ou sénior), pour les trois journées ou seulement pour une journée. Il est à noter que la 3e&nbsp;journée (vendredi&nbsp;25) est gratuite pour les étudiants. L’organisation ne prend pas en charge l’hébergement, mais la page «&nbsp;Info Pratiques&nbsp;» permet de trouver facilement l’hébergement correspondant à chacun. Nous vous [&hellip;]</p>
